[INFO] fetching crate coresimd 0.1.2...
[INFO] checking coresimd-0.1.2 against try#72f88fc4e9458f89516a0b8b0868f3718aec5b47 for pr-74989
[INFO] extracting crate coresimd 0.1.2 into /workspace/builds/worker-13/source
[INFO] validating manifest of crates.io crate coresimd 0.1.2 on toolchain 72f88fc4e9458f89516a0b8b0868f3718aec5b47
[INFO] running `Command { std: "/workspace/cargo-home/bin/cargo" "+72f88fc4e9458f89516a0b8b0868f3718aec5b47" "read-manifest" "--manifest-path" "Cargo.toml", kill_on_drop: false }`
[INFO] started tweaking crates.io crate coresimd 0.1.2
[INFO] finished tweaking crates.io crate coresimd 0.1.2
[INFO] tweaked toml for crates.io crate coresimd 0.1.2 written to /workspace/builds/worker-13/source/Cargo.toml
[INFO] running `Command { std: "/workspace/cargo-home/bin/cargo" "+72f88fc4e9458f89516a0b8b0868f3718aec5b47" "generate-lockfile" "--manifest-path" "Cargo.toml" "-Zno-index-update", kill_on_drop: false }`
[INFO] running `Command { std: "/workspace/cargo-home/bin/cargo" "+72f88fc4e9458f89516a0b8b0868f3718aec5b47" "fetch" "--locked" "--manifest-path" "Cargo.toml", kill_on_drop: false }`
[INFO] [stderr]  Downloading crates ...
[INFO] [stderr]   Downloaded wasm-bindgen-test v0.2.19
[INFO] [stderr]   Downloaded wasm-bindgen-futures v0.2.22
[INFO] [stderr]   Downloaded wasm-bindgen-test-macro v0.2.19
[INFO] [stderr]   Downloaded js-sys v0.2.7
[INFO] running `Command { std: "docker" "create" "-v" "/var/lib/crater-agent-workspace/builds/worker-13/target:/opt/rustwide/target:rw,Z" "-v" "/var/lib/crater-agent-workspace/builds/worker-13/source:/opt/rustwide/workdir:ro,Z" "-v" "/var/lib/crater-agent-workspace/cargo-home:/opt/rustwide/cargo-home:ro,Z" "-v" "/var/lib/crater-agent-workspace/rustup-home:/opt/rustwide/rustup-home:ro,Z" "-e" "SOURCE_DIR=/opt/rustwide/workdir" "-e" "CARGO_TARGET_DIR=/opt/rustwide/target" "-e" "CARGO_HOME=/opt/rustwide/cargo-home" "-e" "RUSTUP_HOME=/opt/rustwide/rustup-home" "-w" "/opt/rustwide/workdir" "-m" "1610612736" "--user" "0:0" "--network" "none" "rustops/crates-build-env@sha256:d92eaeed33fa75130ca1ee6c8a01d1ffb62bac859dfdfb3450e3e5d1c0146529" "/opt/rustwide/cargo-home/bin/cargo" "+72f88fc4e9458f89516a0b8b0868f3718aec5b47" "metadata" "--no-deps" "--format-version=1", kill_on_drop: false }`
[INFO] [stdout] fbf35259ea6128cbbfdef1d31d7eda948d5fd8a0b624e1a09979039aa4a9b7c6
[INFO] [stderr] WARNING: Your kernel does not support swap limit capabilities or the cgroup is not mounted. Memory limited without swap.
[INFO] running `Command { std: "docker" "start" "-a" "fbf35259ea6128cbbfdef1d31d7eda948d5fd8a0b624e1a09979039aa4a9b7c6", kill_on_drop: false }`
[INFO] running `Command { std: "docker" "inspect" "fbf35259ea6128cbbfdef1d31d7eda948d5fd8a0b624e1a09979039aa4a9b7c6", kill_on_drop: false }`
[INFO] running `Command { std: "docker" "rm" "-f" "fbf35259ea6128cbbfdef1d31d7eda948d5fd8a0b624e1a09979039aa4a9b7c6", kill_on_drop: false }`
[INFO] [stdout] fbf35259ea6128cbbfdef1d31d7eda948d5fd8a0b624e1a09979039aa4a9b7c6
[INFO] running `Command { std: "docker" "create" "-v" "/var/lib/crater-agent-workspace/builds/worker-13/target:/opt/rustwide/target:rw,Z" "-v" "/var/lib/crater-agent-workspace/builds/worker-13/source:/opt/rustwide/workdir:ro,Z" "-v" "/var/lib/crater-agent-workspace/cargo-home:/opt/rustwide/cargo-home:ro,Z" "-v" "/var/lib/crater-agent-workspace/rustup-home:/opt/rustwide/rustup-home:ro,Z" "-e" "SOURCE_DIR=/opt/rustwide/workdir" "-e" "CARGO_TARGET_DIR=/opt/rustwide/target" "-e" "CARGO_INCREMENTAL=0" "-e" "RUST_BACKTRACE=full" "-e" "RUSTFLAGS=--cap-lints=forbid" "-e" "CARGO_HOME=/opt/rustwide/cargo-home" "-e" "RUSTUP_HOME=/opt/rustwide/rustup-home" "-w" "/opt/rustwide/workdir" "-m" "1610612736" "--user" "0:0" "--network" "none" "rustops/crates-build-env@sha256:d92eaeed33fa75130ca1ee6c8a01d1ffb62bac859dfdfb3450e3e5d1c0146529" "/opt/rustwide/cargo-home/bin/cargo" "+72f88fc4e9458f89516a0b8b0868f3718aec5b47" "check" "--frozen" "--all" "--all-targets" "--message-format=json", kill_on_drop: false }`
[INFO] [stdout] fa12c8e3af8d011421c6335b34036dd88427e297cbb63f6e8aab17ff2947ed3d
[INFO] [stderr] WARNING: Your kernel does not support swap limit capabilities or the cgroup is not mounted. Memory limited without swap.
[INFO] running `Command { std: "docker" "start" "-a" "fa12c8e3af8d011421c6335b34036dd88427e297cbb63f6e8aab17ff2947ed3d", kill_on_drop: false }`
[INFO] [stderr]    Compiling coresimd v0.1.2 (/opt/rustwide/workdir)
[INFO] [stdout] error[E0463]: can't find crate for `stdsimd`
[INFO] [stdout]   --> src/lib.rs:76:1
[INFO] [stdout]    |
[INFO] [stdout] 76 | extern crate stdsimd;
[INFO] [stdout]    | ^^^^^^^^^^^^^^^^^^^^^ can't find crate
[INFO] [stdout] 
[INFO] [stdout] 
[INFO] [stdout] error: aborting due to previous error
[INFO] [stdout] 
[INFO] [stdout] 
[INFO] [stdout] For more information about this error, try `rustc --explain E0463`.
[INFO] [stdout] 
[INFO] [stderr] error: could not compile `coresimd`.
[INFO] [stderr] 
[INFO] [stderr] To learn more, run the command again with --verbose.
[INFO] [stderr] warning: build failed, waiting for other jobs to finish...
[INFO] [stdout] error: cannot find derive macro `Copy` in this scope
[INFO] [stdout]   --> src/coresimd/simd.rs:10:18
[INFO] [stdout]    |
[INFO] [stdout] 10 |         #[derive(Copy, Clone, Debug, PartialEq)]
[INFO] [stdout]    |                  ^^^^
[INFO] [stdout] ...
[INFO] [stdout] 77 | simd_ty!(u8x2[u8]: u8, u8 | x0, x1);
[INFO] [stdout]    | ------------------------------------ in this macro invocation
[INFO] [stdout]    |
[INFO] [stdout]    = note: this error originates in a macro (in Nightly builds, run with -Z macro-backtrace for more info)
[INFO] [stdout] 
[INFO] [stdout] 
[INFO] [stdout] error: cannot find derive macro `Clone` in this scope
[INFO] [stdout]   --> src/coresimd/simd.rs:10:24
[INFO] [stdout]    |
[INFO] [stdout] 10 |         #[derive(Copy, Clone, Debug, PartialEq)]
[INFO] [stdout]    |                        ^^^^^
[INFO] [stdout] ...
[INFO] [stdout] 77 | simd_ty!(u8x2[u8]: u8, u8 | x0, x1);
[INFO] [stdout]    | ------------------------------------ in this macro invocation
[INFO] [stdout]    |
[INFO] [stdout]    = note: this error originates in a macro (in Nightly builds, run with -Z macro-backtrace for more info)
[INFO] [stdout] 
[INFO] [stdout] 
[INFO] [stdout] error: cannot find derive macro `Debug` in this scope
[INFO] [stdout]   --> src/coresimd/simd.rs:10:31
[INFO] [stdout]    |
[INFO] [stdout] 10 |         #[derive(Copy, Clone, Debug, PartialEq)]
[INFO] [stdout]    |                               ^^^^^
[INFO] [stdout] ...
[INFO] [stdout] 77 | simd_ty!(u8x2[u8]: u8, u8 | x0, x1);
[INFO] [stdout]    | ------------------------------------ in this macro invocation
[INFO] [stdout]    |
[INFO] [stdout]    = note: this error originates in a macro (in Nightly builds, run with -Z macro-backtrace for more info)
[INFO] [stdout] 
[INFO] [stdout] 
[INFO] [stdout] error: cannot find derive macro `PartialEq` in this scope
[INFO] [stdout]   --> src/coresimd/simd.rs:10:38
[INFO] [stdout]    |
[INFO] [stdout] 10 |         #[derive(Copy, Clone, Debug, PartialEq)]
[INFO] [stdout]    |                                      ^^^^^^^^^
[INFO] [stdout] ...
[INFO] [stdout] 77 | simd_ty!(u8x2[u8]: u8, u8 | x0, x1);
[INFO] [stdout]    | ------------------------------------ in this macro invocation
[INFO] [stdout]    |
[INFO] [stdout]    = note: this error originates in a macro (in Nightly builds, run with -Z macro-backtrace for more info)
[INFO] [stdout] 
[INFO] [stdout] 
[INFO] [stdout] error: cannot find derive macro `Copy` in this scope
[INFO] [stdout]   --> src/coresimd/simd.rs:10:18
[INFO] [stdout]    |
[INFO] [stdout] 10 |         #[derive(Copy, Clone, Debug, PartialEq)]
[INFO] [stdout]    |                  ^^^^
[INFO] [stdout] ...
[INFO] [stdout] 78 | simd_ty!(i8x2[i8]: i8, i8 | x0, x1);
[INFO] [stdout]    | ------------------------------------ in this macro invocation
[INFO] [stdout]    |
[INFO] [stdout]    = note: this error originates in a macro (in Nightly builds, run with -Z macro-backtrace for more info)
[INFO] [stdout] 
[INFO] [stdout] 
[INFO] [stdout] error: cannot find derive macro `Clone` in this scope
[INFO] [stdout]   --> src/coresimd/simd.rs:10:24
[INFO] [stdout]    |
[INFO] [stdout] 10 |         #[derive(Copy, Clone, Debug, PartialEq)]
[INFO] [stdout]    |                        ^^^^^
[INFO] [stdout] ...
[INFO] [stdout] 78 | simd_ty!(i8x2[i8]: i8, i8 | x0, x1);
[INFO] [stdout]    | ------------------------------------ in this macro invocation
[INFO] [stdout]    |
[INFO] [stdout]    = note: this error originates in a macro (in Nightly builds, run with -Z macro-backtrace for more info)
[INFO] [stdout] 
[INFO] [stdout] 
[INFO] [stdout] error: cannot find derive macro `Debug` in this scope
[INFO] [stdout]   --> src/coresimd/simd.rs:10:31
[INFO] [stdout]    |
[INFO] [stdout] 10 |         #[derive(Copy, Clone, Debug, PartialEq)]
[INFO] [stdout]    |                               ^^^^^
[INFO] [stdout] ...
[INFO] [stdout] 78 | simd_ty!(i8x2[i8]: i8, i8 | x0, x1);
[INFO] [stdout]    | ------------------------------------ in this macro invocation
[INFO] [stdout]    |
[INFO] [stdout]    = note: this error originates in a macro (in Nightly builds, run with -Z macro-backtrace for more info)
[INFO] [stdout] 
[INFO] [stdout] 
[INFO] [stdout] error: cannot find derive macro `PartialEq` in this scope
[INFO] [stdout]   --> src/coresimd/simd.rs:10:38
[INFO] [stdout]    |
[INFO] [stdout] 10 |         #[derive(Copy, Clone, Debug, PartialEq)]
[INFO] [stdout]    |                                      ^^^^^^^^^
[INFO] [stdout] ...
[INFO] [stdout] 78 | simd_ty!(i8x2[i8]: i8, i8 | x0, x1);
[INFO] [stdout]    | ------------------------------------ in this macro invocation
[INFO] [stdout]    |
[INFO] [stdout]    = note: this error originates in a macro (in Nightly builds, run with -Z macro-backtrace for more info)
[INFO] [stdout] 
[INFO] [stdout] 
[INFO] [stdout] error: cannot find derive macro `Copy` in this scope
[INFO] [stdout]   --> src/coresimd/simd.rs:10:18
[INFO] [stdout]    |
[INFO] [stdout] 10 |         #[derive(Copy, Clone, Debug, PartialEq)]
[INFO] [stdout]    |                  ^^^^
[INFO] [stdout] ...
[INFO] [stdout] 82 | simd_ty!(u8x4[u8]: u8, u8, u8, u8 | x0, x1, x2, x3);
[INFO] [stdout]    | ---------------------------------------------------- in this macro invocation
[INFO] [stdout]    |
[INFO] [stdout]    = note: this error originates in a macro (in Nightly builds, run with -Z macro-backtrace for more info)
[INFO] [stdout] 
[INFO] [stdout] 
[INFO] [stdout] error: cannot find derive macro `Clone` in this scope
[INFO] [stdout]   --> src/coresimd/simd.rs:10:24
[INFO] [stdout]    |
[INFO] [stdout] 10 |         #[derive(Copy, Clone, Debug, PartialEq)]
[INFO] [stdout]    |                        ^^^^^
[INFO] [stdout] ...
[INFO] [stdout] 82 | simd_ty!(u8x4[u8]: u8, u8, u8, u8 | x0, x1, x2, x3);
[INFO] [stdout]    | ---------------------------------------------------- in this macro invocation
[INFO] [stdout]    |
[INFO] [stdout]    = note: this error originates in a macro (in Nightly builds, run with -Z macro-backtrace for more info)
[INFO] [stdout] 
[INFO] [stdout] 
[INFO] [stdout] error: cannot find derive macro `Debug` in this scope
[INFO] [stdout]   --> src/coresimd/simd.rs:10:31
[INFO] [stdout]    |
[INFO] [stdout] 10 |         #[derive(Copy, Clone, Debug, PartialEq)]
[INFO] [stdout]    |                               ^^^^^
[INFO] [stdout] ...
[INFO] [stdout] 82 | simd_ty!(u8x4[u8]: u8, u8, u8, u8 | x0, x1, x2, x3);
[INFO] [stdout]    | ---------------------------------------------------- in this macro invocation
[INFO] [stdout]    |
[INFO] [stdout]    = note: this error originates in a macro (in Nightly builds, run with -Z macro-backtrace for more info)
[INFO] [stdout] 
[INFO] [stdout] 
[INFO] [stdout] error: cannot find derive macro `PartialEq` in this scope
[INFO] [stdout]   --> src/coresimd/simd.rs:10:38
[INFO] [stdout]    |
[INFO] [stdout] 10 |         #[derive(Copy, Clone, Debug, PartialEq)]
[INFO] [stdout]    |                                      ^^^^^^^^^
[INFO] [stdout] ...
[INFO] [stdout] 82 | simd_ty!(u8x4[u8]: u8, u8, u8, u8 | x0, x1, x2, x3);
[INFO] [stdout]    | ---------------------------------------------------- in this macro invocation
[INFO] [stdout]    |
[INFO] [stdout]    = note: this error originates in a macro (in Nightly builds, run with -Z macro-backtrace for more info)
[INFO] [stdout] 
[INFO] [stdout] 
[INFO] [stdout] error: cannot find derive macro `Copy` in this scope
[INFO] [stdout]   --> src/coresimd/simd.rs:10:18
[INFO] [stdout]    |
[INFO] [stdout] 10 |         #[derive(Copy, Clone, Debug, PartialEq)]
[INFO] [stdout]    |                  ^^^^
[INFO] [stdout] ...
[INFO] [stdout] 83 | simd_ty!(u16x2[u16]: u16, u16 | x0, x1);
[INFO] [stdout]    | ---------------------------------------- in this macro invocation
[INFO] [stdout]    |
[INFO] [stdout]    = note: this error originates in a macro (in Nightly builds, run with -Z macro-backtrace for more info)
[INFO] [stdout] 
[INFO] [stdout] 
[INFO] [stdout] error: cannot find derive macro `Clone` in this scope
[INFO] [stdout]   --> src/coresimd/simd.rs:10:24
[INFO] [stdout]    |
[INFO] [stdout] 10 |         #[derive(Copy, Clone, Debug, PartialEq)]
[INFO] [stdout]    |                        ^^^^^
[INFO] [stdout] ...
[INFO] [stdout] 83 | simd_ty!(u16x2[u16]: u16, u16 | x0, x1);
[INFO] [stdout]    | ---------------------------------------- in this macro invocation
[INFO] [stdout]    |
[INFO] [stdout]    = note: this error originates in a macro (in Nightly builds, run with -Z macro-backtrace for more info)
[INFO] [stdout] 
[INFO] [stdout] 
[INFO] [stdout] error: cannot find derive macro `Debug` in this scope
[INFO] [stdout]   --> src/coresimd/simd.rs:10:31
[INFO] [stdout]    |
[INFO] [stdout] 10 |         #[derive(Copy, Clone, Debug, PartialEq)]
[INFO] [stdout]    |                               ^^^^^
[INFO] [stdout] ...
[INFO] [stdout] 83 | simd_ty!(u16x2[u16]: u16, u16 | x0, x1);
[INFO] [stdout]    | ---------------------------------------- in this macro invocation
[INFO] [stdout]    |
[INFO] [stdout]    = note: this error originates in a macro (in Nightly builds, run with -Z macro-backtrace for more info)
[INFO] [stdout] 
[INFO] [stdout] 
[INFO] [stdout] error: cannot find derive macro `PartialEq` in this scope
[INFO] [stdout]   --> src/coresimd/simd.rs:10:38
[INFO] [stdout]    |
[INFO] [stdout] 10 |         #[derive(Copy, Clone, Debug, PartialEq)]
[INFO] [stdout]    |                                      ^^^^^^^^^
[INFO] [stdout] ...
[INFO] [stdout] 83 | simd_ty!(u16x2[u16]: u16, u16 | x0, x1);
[INFO] [stdout]    | ---------------------------------------- in this macro invocation
[INFO] [stdout]    |
[INFO] [stdout]    = note: this error originates in a macro (in Nightly builds, run with -Z macro-backtrace for more info)
[INFO] [stdout] 
[INFO] [stdout] 
[INFO] [stdout] error: cannot find derive macro `Copy` in this scope
[INFO] [stdout]   --> src/coresimd/simd.rs:10:18
[INFO] [stdout]    |
[INFO] [stdout] 10 |         #[derive(Copy, Clone, Debug, PartialEq)]
[INFO] [stdout]    |                  ^^^^
[INFO] [stdout] ...
[INFO] [stdout] 85 | simd_ty!(i8x4[i8]: i8, i8, i8, i8 | x0, x1, x2, x3);
[INFO] [stdout]    | ---------------------------------------------------- in this macro invocation
[INFO] [stdout]    |
[INFO] [stdout]    = note: this error originates in a macro (in Nightly builds, run with -Z macro-backtrace for more info)
[INFO] [stdout] 
[INFO] [stdout] 
[INFO] [stdout] error: cannot find derive macro `Clone` in this scope
[INFO] [stdout]   --> src/coresimd/simd.rs:10:24
[INFO] [stdout]    |
[INFO] [stdout] 10 |         #[derive(Copy, Clone, Debug, PartialEq)]
[INFO] [stdout]    |                        ^^^^^
[INFO] [stdout] ...
[INFO] [stdout] 85 | simd_ty!(i8x4[i8]: i8, i8, i8, i8 | x0, x1, x2, x3);
[INFO] [stdout]    | ---------------------------------------------------- in this macro invocation
[INFO] [stdout]    |
[INFO] [stdout]    = note: this error originates in a macro (in Nightly builds, run with -Z macro-backtrace for more info)
[INFO] [stdout] 
[INFO] [stdout] 
[INFO] [stdout] error: cannot find derive macro `Debug` in this scope
[INFO] [stdout]   --> src/coresimd/simd.rs:10:31
[INFO] [stdout]    |
[INFO] [stdout] 10 |         #[derive(Copy, Clone, Debug, PartialEq)]
[INFO] [stdout]    |                               ^^^^^
[INFO] [stdout] ...
[INFO] [stdout] 85 | simd_ty!(i8x4[i8]: i8, i8, i8, i8 | x0, x1, x2, x3);
[INFO] [stdout]    | ---------------------------------------------------- in this macro invocation
[INFO] [stdout]    |
[INFO] [stdout]    = note: this error originates in a macro (in Nightly builds, run with -Z macro-backtrace for more info)
[INFO] [stdout] 
[INFO] [stdout] 
[INFO] [stdout] error: cannot find derive macro `PartialEq` in this scope
[INFO] [stdout]   --> src/coresimd/simd.rs:10:38
[INFO] [stdout]    |
[INFO] [stdout] 10 |         #[derive(Copy, Clone, Debug, PartialEq)]
[INFO] [stdout]    |                                      ^^^^^^^^^
[INFO] [stdout] ...
[INFO] [stdout] 85 | simd_ty!(i8x4[i8]: i8, i8, i8, i8 | x0, x1, x2, x3);
[INFO] [stdout]    | ---------------------------------------------------- in this macro invocation
[INFO] [stdout]    |
[INFO] [stdout]    = note: this error originates in a macro (in Nightly builds, run with -Z macro-backtrace for more info)
[INFO] [stdout] 
[INFO] [stdout] 
[INFO] [stdout] error: cannot find derive macro `Copy` in this scope
[INFO] [stdout]   --> src/coresimd/simd.rs:10:18
[INFO] [stdout]    |
[INFO] [stdout] 10 |         #[derive(Copy, Clone, Debug, PartialEq)]
[INFO] [stdout]    |                  ^^^^
[INFO] [stdout] ...
[INFO] [stdout] 86 | simd_ty!(i16x2[i16]: i16, i16 | x0, x1);
[INFO] [stdout]    | ---------------------------------------- in this macro invocation
[INFO] [stdout]    |
[INFO] [stdout]    = note: this error originates in a macro (in Nightly builds, run with -Z macro-backtrace for more info)
[INFO] [stdout] 
[INFO] [stdout] 
[INFO] [stdout] error: cannot find derive macro `Clone` in this scope
[INFO] [stdout]   --> src/coresimd/simd.rs:10:24
[INFO] [stdout]    |
[INFO] [stdout] 10 |         #[derive(Copy, Clone, Debug, PartialEq)]
[INFO] [stdout]    |                        ^^^^^
[INFO] [stdout] ...
[INFO] [stdout] 86 | simd_ty!(i16x2[i16]: i16, i16 | x0, x1);
[INFO] [stdout]    | ---------------------------------------- in this macro invocation
[INFO] [stdout]    |
[INFO] [stdout]    = note: this error originates in a macro (in Nightly builds, run with -Z macro-backtrace for more info)
[INFO] [stdout] 
[INFO] [stdout] 
[INFO] [stdout] error: cannot find derive macro `Debug` in this scope
[INFO] [stdout]   --> src/coresimd/simd.rs:10:31
[INFO] [stdout]    |
[INFO] [stdout] 10 |         #[derive(Copy, Clone, Debug, PartialEq)]
[INFO] [stdout]    |                               ^^^^^
[INFO] [stdout] ...
[INFO] [stdout] 86 | simd_ty!(i16x2[i16]: i16, i16 | x0, x1);
[INFO] [stdout]    | ---------------------------------------- in this macro invocation
[INFO] [stdout]    |
[INFO] [stdout]    = note: this error originates in a macro (in Nightly builds, run with -Z macro-backtrace for more info)
[INFO] [stdout] 
[INFO] [stdout] 
[INFO] [stdout] error: cannot find derive macro `PartialEq` in this scope
[INFO] [stdout]   --> src/coresimd/simd.rs:10:38
[INFO] [stdout]    |
[INFO] [stdout] 10 |         #[derive(Copy, Clone, Debug, PartialEq)]
[INFO] [stdout]    |                                      ^^^^^^^^^
[INFO] [stdout] ...
[INFO] [stdout] 86 | simd_ty!(i16x2[i16]: i16, i16 | x0, x1);
[INFO] [stdout]    | ---------------------------------------- in this macro invocation
[INFO] [stdout]    |
[INFO] [stdout]    = note: this error originates in a macro (in Nightly builds, run with -Z macro-backtrace for more info)
[INFO] [stdout] 
[INFO] [stdout] 
[INFO] [stdout] error: cannot find derive macro `Copy` in this scope
[INFO] [stdout]   --> src/coresimd/simd.rs:10:18
[INFO] [stdout]    |
[INFO] [stdout] 10 |           #[derive(Copy, Clone, Debug, PartialEq)]
[INFO] [stdout]    |                    ^^^^
[INFO] [stdout] ...
[INFO] [stdout] 90 | / simd_ty!(u8x8[u8]:
[INFO] [stdout] 91 | |          u8, u8, u8, u8, u8, u8, u8, u8
[INFO] [stdout] 92 | |          | x0, x1, x2, x3, x4, x5, x6, x7);
[INFO] [stdout]    | |___________________________________________- in this macro invocation
[INFO] [stdout]    |
[INFO] [stdout]    = note: this error originates in a macro (in Nightly builds, run with -Z macro-backtrace for more info)
[INFO] [stdout] 
[INFO] [stdout] 
[INFO] [stdout] error: cannot find derive macro `Clone` in this scope
[INFO] [stdout]   --> src/coresimd/simd.rs:10:24
[INFO] [stdout]    |
[INFO] [stdout] 10 |           #[derive(Copy, Clone, Debug, PartialEq)]
[INFO] [stdout]    |                          ^^^^^
[INFO] [stdout] ...
[INFO] [stdout] 90 | / simd_ty!(u8x8[u8]:
[INFO] [stdout] 91 | |          u8, u8, u8, u8, u8, u8, u8, u8
[INFO] [stdout] 92 | |          | x0, x1, x2, x3, x4, x5, x6, x7);
[INFO] [stdout]    | |___________________________________________- in this macro invocation
[INFO] [stdout]    |
[INFO] [stdout]    = note: this error originates in a macro (in Nightly builds, run with -Z macro-backtrace for more info)
[INFO] [stdout] 
[INFO] [stdout] 
[INFO] [stdout] error: cannot find derive macro `Debug` in this scope
[INFO] [stdout]   --> src/coresimd/simd.rs:10:31
[INFO] [stdout]    |
[INFO] [stdout] 10 |           #[derive(Copy, Clone, Debug, PartialEq)]
[INFO] [stdout]    |                                 ^^^^^
[INFO] [stdout] ...
[INFO] [stdout] 90 | / simd_ty!(u8x8[u8]:
[INFO] [stdout] 91 | |          u8, u8, u8, u8, u8, u8, u8, u8
[INFO] [stdout] 92 | |          | x0, x1, x2, x3, x4, x5, x6, x7);
[INFO] [stdout]    | |___________________________________________- in this macro invocation
[INFO] [stdout]    |
[INFO] [stdout]    = note: this error originates in a macro (in Nightly builds, run with -Z macro-backtrace for more info)
[INFO] [stdout] 
[INFO] [stdout] 
[INFO] [stdout] error: cannot find derive macro `PartialEq` in this scope
[INFO] [stdout]   --> src/coresimd/simd.rs:10:38
[INFO] [stdout]    |
[INFO] [stdout] 10 |           #[derive(Copy, Clone, Debug, PartialEq)]
[INFO] [stdout]    |                                        ^^^^^^^^^
[INFO] [stdout] ...
[INFO] [stdout] 90 | / simd_ty!(u8x8[u8]:
[INFO] [stdout] 91 | |          u8, u8, u8, u8, u8, u8, u8, u8
[INFO] [stdout] 92 | |          | x0, x1, x2, x3, x4, x5, x6, x7);
[INFO] [stdout]    | |___________________________________________- in this macro invocation
[INFO] [stdout]    |
[INFO] [stdout]    = note: this error originates in a macro (in Nightly builds, run with -Z macro-backtrace for more info)
[INFO] [stdout] 
[INFO] [stdout] 
[INFO] [stdout] error: cannot find derive macro `Copy` in this scope
[INFO] [stdout]   --> src/coresimd/simd.rs:10:18
[INFO] [stdout]    |
[INFO] [stdout] 10 |         #[derive(Copy, Clone, Debug, PartialEq)]
[INFO] [stdout]    |                  ^^^^
[INFO] [stdout] ...
[INFO] [stdout] 93 | simd_ty!(u16x4[u16]: u16, u16, u16, u16 | x0, x1, x2, x3);
[INFO] [stdout]    | ---------------------------------------------------------- in this macro invocation
[INFO] [stdout]    |
[INFO] [stdout]    = note: this error originates in a macro (in Nightly builds, run with -Z macro-backtrace for more info)
[INFO] [stdout] 
[INFO] [stdout] 
[INFO] [stdout] error: cannot find derive macro `Clone` in this scope
[INFO] [stdout]   --> src/coresimd/simd.rs:10:24
[INFO] [stdout]    |
[INFO] [stdout] 10 |         #[derive(Copy, Clone, Debug, PartialEq)]
[INFO] [stdout]    |                        ^^^^^
[INFO] [stdout] ...
[INFO] [stdout] 93 | simd_ty!(u16x4[u16]: u16, u16, u16, u16 | x0, x1, x2, x3);
[INFO] [stdout]    | ---------------------------------------------------------- in this macro invocation
[INFO] [stdout]    |
[INFO] [stdout]    = note: this error originates in a macro (in Nightly builds, run with -Z macro-backtrace for more info)
[INFO] [stdout] 
[INFO] [stdout] 
[INFO] [stdout] error: cannot find derive macro `Debug` in this scope
[INFO] [stdout]   --> src/coresimd/simd.rs:10:31
[INFO] [stdout]    |
[INFO] [stdout] 10 |         #[derive(Copy, Clone, Debug, PartialEq)]
[INFO] [stdout]    |                               ^^^^^
[INFO] [stdout] ...
[INFO] [stdout] 93 | simd_ty!(u16x4[u16]: u16, u16, u16, u16 | x0, x1, x2, x3);
[INFO] [stdout]    | ---------------------------------------------------------- in this macro invocation
[INFO] [stdout]    |
[INFO] [stdout]    = note: this error originates in a macro (in Nightly builds, run with -Z macro-backtrace for more info)
[INFO] [stdout] 
[INFO] [stdout] 
[INFO] [stdout] error: cannot find derive macro `PartialEq` in this scope
[INFO] [stdout]   --> src/coresimd/simd.rs:10:38
[INFO] [stdout]    |
[INFO] [stdout] 10 |         #[derive(Copy, Clone, Debug, PartialEq)]
[INFO] [stdout]    |                                      ^^^^^^^^^
[INFO] [stdout] ...
[INFO] [stdout] 93 | simd_ty!(u16x4[u16]: u16, u16, u16, u16 | x0, x1, x2, x3);
[INFO] [stdout]    | ---------------------------------------------------------- in this macro invocation
[INFO] [stdout]    |
[INFO] [stdout]    = note: this error originates in a macro (in Nightly builds, run with -Z macro-backtrace for more info)
[INFO] [stdout] 
[INFO] [stdout] 
[INFO] [stdout] error: cannot find derive macro `Copy` in this scope
[INFO] [stdout]   --> src/coresimd/simd.rs:10:18
[INFO] [stdout]    |
[INFO] [stdout] 10 |         #[derive(Copy, Clone, Debug, PartialEq)]
[INFO] [stdout]    |                  ^^^^
[INFO] [stdout] ...
[INFO] [stdout] 94 | simd_ty!(u32x2[u32]: u32, u32 | x0, x1);
[INFO] [stdout]    | ---------------------------------------- in this macro invocation
[INFO] [stdout]    |
[INFO] [stdout]    = note: this error originates in a macro (in Nightly builds, run with -Z macro-backtrace for more info)
[INFO] [stdout] 
[INFO] [stdout] 
[INFO] [stdout] error: cannot find derive macro `Clone` in this scope
[INFO] [stdout]   --> src/coresimd/simd.rs:10:24
[INFO] [stdout]    |
[INFO] [stdout] 10 |         #[derive(Copy, Clone, Debug, PartialEq)]
[INFO] [stdout]    |                        ^^^^^
[INFO] [stdout] ...
[INFO] [stdout] 94 | simd_ty!(u32x2[u32]: u32, u32 | x0, x1);
[INFO] [stdout]    | ---------------------------------------- in this macro invocation
[INFO] [stdout]    |
[INFO] [stdout]    = note: this error originates in a macro (in Nightly builds, run with -Z macro-backtrace for more info)
[INFO] [stdout] 
[INFO] [stdout] 
[INFO] [stdout] error: cannot find derive macro `Debug` in this scope
[INFO] [stdout]   --> src/coresimd/simd.rs:10:31
[INFO] [stdout]    |
[INFO] [stdout] 10 |         #[derive(Copy, Clone, Debug, PartialEq)]
[INFO] [stdout]    |                               ^^^^^
[INFO] [stdout] ...
[INFO] [stdout] 94 | simd_ty!(u32x2[u32]: u32, u32 | x0, x1);
[INFO] [stdout]    | ---------------------------------------- in this macro invocation
[INFO] [stdout]    |
[INFO] [stdout]    = note: this error originates in a macro (in Nightly builds, run with -Z macro-backtrace for more info)
[INFO] [stdout] 
[INFO] [stdout] 
[INFO] [stdout] error: cannot find derive macro `PartialEq` in this scope
[INFO] [stdout]   --> src/coresimd/simd.rs:10:38
[INFO] [stdout]    |
[INFO] [stdout] 10 |         #[derive(Copy, Clone, Debug, PartialEq)]
[INFO] [stdout]    |                                      ^^^^^^^^^
[INFO] [stdout] ...
[INFO] [stdout] 94 | simd_ty!(u32x2[u32]: u32, u32 | x0, x1);
[INFO] [stdout]    | ---------------------------------------- in this macro invocation
[INFO] [stdout]    |
[INFO] [stdout]    = note: this error originates in a macro (in Nightly builds, run with -Z macro-backtrace for more info)
[INFO] [stdout] 
[INFO] [stdout] 
[INFO] [stdout] error: cannot find derive macro `Copy` in this scope
[INFO] [stdout]   --> src/coresimd/simd.rs:10:18
[INFO] [stdout]    |
[INFO] [stdout] 10 |         #[derive(Copy, Clone, Debug, PartialEq)]
[INFO] [stdout]    |                  ^^^^
[INFO] [stdout] ...
[INFO] [stdout] 95 | simd_ty!(u64x1[u64]: u64 | x1);
[INFO] [stdout]    | ------------------------------- in this macro invocation
[INFO] [stdout]    |
[INFO] [stdout]    = note: this error originates in a macro (in Nightly builds, run with -Z macro-backtrace for more info)
[INFO] [stdout] 
[INFO] [stdout] 
[INFO] [stdout] error: cannot find derive macro `Clone` in this scope
[INFO] [stdout]   --> src/coresimd/simd.rs:10:24
[INFO] [stdout]    |
[INFO] [stdout] 10 |         #[derive(Copy, Clone, Debug, PartialEq)]
[INFO] [stdout]    |                        ^^^^^
[INFO] [stdout] ...
[INFO] [stdout] 95 | simd_ty!(u64x1[u64]: u64 | x1);
[INFO] [stdout]    | ------------------------------- in this macro invocation
[INFO] [stdout]    |
[INFO] [stdout]    = note: this error originates in a macro (in Nightly builds, run with -Z macro-backtrace for more info)
[INFO] [stdout] 
[INFO] [stdout] 
[INFO] [stdout] error: cannot find derive macro `Debug` in this scope
[INFO] [stdout]   --> src/coresimd/simd.rs:10:31
[INFO] [stdout]    |
[INFO] [stdout] 10 |         #[derive(Copy, Clone, Debug, PartialEq)]
[INFO] [stdout]    |                               ^^^^^
[INFO] [stdout] ...
[INFO] [stdout] 95 | simd_ty!(u64x1[u64]: u64 | x1);
[INFO] [stdout]    | ------------------------------- in this macro invocation
[INFO] [stdout]    |
[INFO] [stdout]    = note: this error originates in a macro (in Nightly builds, run with -Z macro-backtrace for more info)
[INFO] [stdout] 
[INFO] [stdout] 
[INFO] [stdout] error: cannot find derive macro `PartialEq` in this scope
[INFO] [stdout]   --> src/coresimd/simd.rs:10:38
[INFO] [stdout]    |
[INFO] [stdout] 10 |         #[derive(Copy, Clone, Debug, PartialEq)]
[INFO] [stdout]    |                                      ^^^^^^^^^
[INFO] [stdout] ...
[INFO] [stdout] 95 | simd_ty!(u64x1[u64]: u64 | x1);
[INFO] [stdout]    | ------------------------------- in this macro invocation
[INFO] [stdout]    |
[INFO] [stdout]    = note: this error originates in a macro (in Nightly builds, run with -Z macro-backtrace for more info)
[INFO] [stdout] 
[INFO] [stdout] 
[INFO] [stdout] error: cannot find derive macro `Copy` in this scope
[INFO] [stdout]   --> src/coresimd/simd.rs:10:18
[INFO] [stdout]    |
[INFO] [stdout] 10 |           #[derive(Copy, Clone, Debug, PartialEq)]
[INFO] [stdout]    |                    ^^^^
[INFO] [stdout] ...
[INFO] [stdout] 97 | / simd_ty!(i8x8[i8]:
[INFO] [stdout] 98 | |          i8, i8, i8, i8, i8, i8, i8, i8
[INFO] [stdout] 99 | |          | x0, x1, x2, x3, x4, x5, x6, x7);
[INFO] [stdout]    | |___________________________________________- in this macro invocation
[INFO] [stdout]    |
[INFO] [stdout]    = note: this error originates in a macro (in Nightly builds, run with -Z macro-backtrace for more info)
[INFO] [stdout] 
[INFO] [stdout] 
[INFO] [stdout] error: cannot find derive macro `Clone` in this scope
[INFO] [stdout]   --> src/coresimd/simd.rs:10:24
[INFO] [stdout]    |
[INFO] [stdout] 10 |           #[derive(Copy, Clone, Debug, PartialEq)]
[INFO] [stdout]    |                          ^^^^^
[INFO] [stdout] ...
[INFO] [stdout] 97 | / simd_ty!(i8x8[i8]:
[INFO] [stdout] 98 | |          i8, i8, i8, i8, i8, i8, i8, i8
[INFO] [stdout] 99 | |          | x0, x1, x2, x3, x4, x5, x6, x7);
[INFO] [stdout]    | |___________________________________________- in this macro invocation
[INFO] [stdout]    |
[INFO] [stdout]    = note: this error originates in a macro (in Nightly builds, run with -Z macro-backtrace for more info)
[INFO] [stdout] 
[INFO] [stdout] 
[INFO] [stdout] error: cannot find derive macro `Debug` in this scope
[INFO] [stdout]   --> src/coresimd/simd.rs:10:31
[INFO] [stdout]    |
[INFO] [stdout] 10 |           #[derive(Copy, Clone, Debug, PartialEq)]
[INFO] [stdout]    |                                 ^^^^^
[INFO] [stdout] ...
[INFO] [stdout] 97 | / simd_ty!(i8x8[i8]:
[INFO] [stdout] 98 | |          i8, i8, i8, i8, i8, i8, i8, i8
[INFO] [stdout] 99 | |          | x0, x1, x2, x3, x4, x5, x6, x7);
[INFO] [stdout]    | |___________________________________________- in this macro invocation
[INFO] [stdout]    |
[INFO] [stdout]    = note: this error originates in a macro (in Nightly builds, run with -Z macro-backtrace for more info)
[INFO] [stdout] 
[INFO] [stdout] 
[INFO] [stdout] error: cannot find derive macro `PartialEq` in this scope
[INFO] [stdout]   --> src/coresimd/simd.rs:10:38
[INFO] [stdout]    |
[INFO] [stdout] 10 |           #[derive(Copy, Clone, Debug, PartialEq)]
[INFO] [stdout]    |                                        ^^^^^^^^^
[INFO] [stdout] ...
[INFO] [stdout] 97 | / simd_ty!(i8x8[i8]:
[INFO] [stdout] 98 | |          i8, i8, i8, i8, i8, i8, i8, i8
[INFO] [stdout] 99 | |          | x0, x1, x2, x3, x4, x5, x6, x7);
[INFO] [stdout]    | |___________________________________________- in this macro invocation
[INFO] [stdout]    |
[INFO] [stdout]    = note: this error originates in a macro (in Nightly builds, run with -Z macro-backtrace for more info)
[INFO] [stdout] 
[INFO] [stdout] 
[INFO] [stdout] error: cannot find derive macro `Copy` in this scope
[INFO] [stdout]    --> src/coresimd/simd.rs:10:18
[INFO] [stdout]     |
[INFO] [stdout] 10  |         #[derive(Copy, Clone, Debug, PartialEq)]
[INFO] [stdout]     |                  ^^^^
[INFO] [stdout] ...
[INFO] [stdout] 100 | simd_ty!(i16x4[i16]: i16, i16, i16, i16 | x0, x1, x2, x3);
[INFO] [stdout]     | ---------------------------------------------------------- in this macro invocation
[INFO] [stdout]     |
[INFO] [stdout]     = note: this error originates in a macro (in Nightly builds, run with -Z macro-backtrace for more info)
[INFO] [stdout] 
[INFO] [stdout] 
[INFO] [stdout] error: cannot find derive macro `Clone` in this scope
[INFO] [stdout]    --> src/coresimd/simd.rs:10:24
[INFO] [stdout]     |
[INFO] [stdout] 10  |         #[derive(Copy, Clone, Debug, PartialEq)]
[INFO] [stdout]     |                        ^^^^^
[INFO] [stdout] ...
[INFO] [stdout] 100 | simd_ty!(i16x4[i16]: i16, i16, i16, i16 | x0, x1, x2, x3);
[INFO] [stdout]     | ---------------------------------------------------------- in this macro invocation
[INFO] [stdout]     |
[INFO] [stdout]     = note: this error originates in a macro (in Nightly builds, run with -Z macro-backtrace for more info)
[INFO] [stdout] 
[INFO] [stdout] 
[INFO] [stdout] error: cannot find derive macro `Debug` in this scope
[INFO] [stdout]    --> src/coresimd/simd.rs:10:31
[INFO] [stdout]     |
[INFO] [stdout] 10  |         #[derive(Copy, Clone, Debug, PartialEq)]
[INFO] [stdout]     |                               ^^^^^
[INFO] [stdout] ...
[INFO] [stdout] 100 | simd_ty!(i16x4[i16]: i16, i16, i16, i16 | x0, x1, x2, x3);
[INFO] [stdout]     | ---------------------------------------------------------- in this macro invocation
[INFO] [stdout]     |
[INFO] [stdout]     = note: this error originates in a macro (in Nightly builds, run with -Z macro-backtrace for more info)
[INFO] [stdout] 
[INFO] [stdout] 
[INFO] [stdout] error: cannot find derive macro `PartialEq` in this scope
[INFO] [stdout]    --> src/coresimd/simd.rs:10:38
[INFO] [stdout]     |
[INFO] [stdout] 10  |         #[derive(Copy, Clone, Debug, PartialEq)]
[INFO] [stdout]     |                                      ^^^^^^^^^
[INFO] [stdout] ...
[INFO] [stdout] 100 | simd_ty!(i16x4[i16]: i16, i16, i16, i16 | x0, x1, x2, x3);
[INFO] [stdout]     | ---------------------------------------------------------- in this macro invocation
[INFO] [stdout]     |
[INFO] [stdout]     = note: this error originates in a macro (in Nightly builds, run with -Z macro-backtrace for more info)
[INFO] [stdout] 
[INFO] [stdout] 
[INFO] [stdout] error: cannot find derive macro `Copy` in this scope
[INFO] [stdout]    --> src/coresimd/simd.rs:10:18
[INFO] [stdout]     |
[INFO] [stdout] 10  |         #[derive(Copy, Clone, Debug, PartialEq)]
[INFO] [stdout]     |                  ^^^^
[INFO] [stdout] ...
[INFO] [stdout] 101 | simd_ty!(i32x2[i32]: i32, i32 | x0, x1);
[INFO] [stdout]     | ---------------------------------------- in this macro invocation
[INFO] [stdout]     |
[INFO] [stdout]     = note: this error originates in a macro (in Nightly builds, run with -Z macro-backtrace for more info)
[INFO] [stdout] 
[INFO] [stdout] 
[INFO] [stdout] error: cannot find derive macro `Clone` in this scope
[INFO] [stdout]    --> src/coresimd/simd.rs:10:24
[INFO] [stdout]     |
[INFO] [stdout] 10  |         #[derive(Copy, Clone, Debug, PartialEq)]
[INFO] [stdout]     |                        ^^^^^
[INFO] [stdout] ...
[INFO] [stdout] 101 | simd_ty!(i32x2[i32]: i32, i32 | x0, x1);
[INFO] [stdout]     | ---------------------------------------- in this macro invocation
[INFO] [stdout]     |
[INFO] [stdout]     = note: this error originates in a macro (in Nightly builds, run with -Z macro-backtrace for more info)
[INFO] [stdout] 
[INFO] [stdout] 
[INFO] [stdout] error: cannot find derive macro `Debug` in this scope
[INFO] [stdout]    --> src/coresimd/simd.rs:10:31
[INFO] [stdout]     |
[INFO] [stdout] 10  |         #[derive(Copy, Clone, Debug, PartialEq)]
[INFO] [stdout]     |                               ^^^^^
[INFO] [stdout] ...
[INFO] [stdout] 101 | simd_ty!(i32x2[i32]: i32, i32 | x0, x1);
[INFO] [stdout]     | ---------------------------------------- in this macro invocation
[INFO] [stdout]     |
[INFO] [stdout]     = note: this error originates in a macro (in Nightly builds, run with -Z macro-backtrace for more info)
[INFO] [stdout] 
[INFO] [stdout] 
[INFO] [stdout] error: cannot find derive macro `PartialEq` in this scope
[INFO] [stdout]    --> src/coresimd/simd.rs:10:38
[INFO] [stdout]     |
[INFO] [stdout] 10  |         #[derive(Copy, Clone, Debug, PartialEq)]
[INFO] [stdout]     |                                      ^^^^^^^^^
[INFO] [stdout] ...
[INFO] [stdout] 101 | simd_ty!(i32x2[i32]: i32, i32 | x0, x1);
[INFO] [stdout]     | ---------------------------------------- in this macro invocation
[INFO] [stdout]     |
[INFO] [stdout]     = note: this error originates in a macro (in Nightly builds, run with -Z macro-backtrace for more info)
[INFO] [stdout] 
[INFO] [stdout] 
[INFO] [stdout] error: cannot find derive macro `Copy` in this scope
[INFO] [stdout]    --> src/coresimd/simd.rs:10:18
[INFO] [stdout]     |
[INFO] [stdout] 10  |         #[derive(Copy, Clone, Debug, PartialEq)]
[INFO] [stdout]     |                  ^^^^
[INFO] [stdout] ...
[INFO] [stdout] 102 | simd_ty!(i64x1[i64]: i64 | x1);
[INFO] [stdout]     | ------------------------------- in this macro invocation
[INFO] [stdout]     |
[INFO] [stdout]     = note: this error originates in a macro (in Nightly builds, run with -Z macro-backtrace for more info)
[INFO] [stdout] 
[INFO] [stdout] 
[INFO] [stdout] error: cannot find derive macro `Clone` in this scope
[INFO] [stdout]    --> src/coresimd/simd.rs:10:24
[INFO] [stdout]     |
[INFO] [stdout] 10  |         #[derive(Copy, Clone, Debug, PartialEq)]
[INFO] [stdout]     |                        ^^^^^
[INFO] [stdout] ...
[INFO] [stdout] 102 | simd_ty!(i64x1[i64]: i64 | x1);
[INFO] [stdout]     | ------------------------------- in this macro invocation
[INFO] [stdout]     |
[INFO] [stdout]     = note: this error originates in a macro (in Nightly builds, run with -Z macro-backtrace for more info)
[INFO] [stdout] 
[INFO] [stdout] 
[INFO] [stdout] error: cannot find derive macro `Debug` in this scope
[INFO] [stdout]    --> src/coresimd/simd.rs:10:31
[INFO] [stdout]     |
[INFO] [stdout] 10  |         #[derive(Copy, Clone, Debug, PartialEq)]
[INFO] [stdout]     |                               ^^^^^
[INFO] [stdout] ...
[INFO] [stdout] 102 | simd_ty!(i64x1[i64]: i64 | x1);
[INFO] [stdout]     | ------------------------------- in this macro invocation
[INFO] [stdout]     |
[INFO] [stdout]     = note: this error originates in a macro (in Nightly builds, run with -Z macro-backtrace for more info)
[INFO] [stdout] 
[INFO] [stdout] 
[INFO] [stdout] error: cannot find derive macro `PartialEq` in this scope
[INFO] [stdout]    --> src/coresimd/simd.rs:10:38
[INFO] [stdout]     |
[INFO] [stdout] 10  |         #[derive(Copy, Clone, Debug, PartialEq)]
[INFO] [stdout]     |                                      ^^^^^^^^^
[INFO] [stdout] ...
[INFO] [stdout] 102 | simd_ty!(i64x1[i64]: i64 | x1);
[INFO] [stdout]     | ------------------------------- in this macro invocation
[INFO] [stdout]     |
[INFO] [stdout]     = note: this error originates in a macro (in Nightly builds, run with -Z macro-backtrace for more info)
[INFO] [stdout] 
[INFO] [stdout] 
[INFO] [stdout] error: cannot find derive macro `Copy` in this scope
[INFO] [stdout]    --> src/coresimd/simd.rs:10:18
[INFO] [stdout]     |
[INFO] [stdout] 10  |         #[derive(Copy, Clone, Debug, PartialEq)]
[INFO] [stdout]     |                  ^^^^
[INFO] [stdout] ...
[INFO] [stdout] 104 | simd_ty!(f32x2[f32]: f32, f32 | x0, x1);
[INFO] [stdout]     | ---------------------------------------- in this macro invocation
[INFO] [stdout]     |
[INFO] [stdout]     = note: this error originates in a macro (in Nightly builds, run with -Z macro-backtrace for more info)
[INFO] [stdout] 
[INFO] [stdout] 
[INFO] [stdout] error: cannot find derive macro `Clone` in this scope
[INFO] [stdout]    --> src/coresimd/simd.rs:10:24
[INFO] [stdout]     |
[INFO] [stdout] 10  |         #[derive(Copy, Clone, Debug, PartialEq)]
[INFO] [stdout]     |                        ^^^^^
[INFO] [stdout] ...
[INFO] [stdout] 104 | simd_ty!(f32x2[f32]: f32, f32 | x0, x1);
[INFO] [stdout]     | ---------------------------------------- in this macro invocation
[INFO] [stdout]     |
[INFO] [stdout]     = note: this error originates in a macro (in Nightly builds, run with -Z macro-backtrace for more info)
[INFO] [stdout] 
[INFO] [stdout] 
[INFO] [stdout] error: cannot find derive macro `Debug` in this scope
[INFO] [stdout]    --> src/coresimd/simd.rs:10:31
[INFO] [stdout]     |
[INFO] [stdout] 10  |         #[derive(Copy, Clone, Debug, PartialEq)]
[INFO] [stdout]     |                               ^^^^^
[INFO] [stdout] ...
[INFO] [stdout] 104 | simd_ty!(f32x2[f32]: f32, f32 | x0, x1);
[INFO] [stdout]     | ---------------------------------------- in this macro invocation
[INFO] [stdout]     |
[INFO] [stdout]     = note: this error originates in a macro (in Nightly builds, run with -Z macro-backtrace for more info)
[INFO] [stdout] 
[INFO] [stdout] 
[INFO] [stdout] error: cannot find derive macro `PartialEq` in this scope
[INFO] [stdout]    --> src/coresimd/simd.rs:10:38
[INFO] [stdout]     |
[INFO] [stdout] 10  |         #[derive(Copy, Clone, Debug, PartialEq)]
[INFO] [stdout]     |                                      ^^^^^^^^^
[INFO] [stdout] ...
[INFO] [stdout] 104 | simd_ty!(f32x2[f32]: f32, f32 | x0, x1);
[INFO] [stdout]     | ---------------------------------------- in this macro invocation
[INFO] [stdout]     |
[INFO] [stdout]     = note: this error originates in a macro (in Nightly builds, run with -Z macro-backtrace for more info)
[INFO] [stdout] 
[INFO] [stdout] 
[INFO] [stdout] error: cannot find derive macro `Copy` in this scope
[INFO] [stdout]    --> src/coresimd/simd.rs:10:18
[INFO] [stdout]     |
[INFO] [stdout] 10  |           #[derive(Copy, Clone, Debug, PartialEq)]
[INFO] [stdout]     |                    ^^^^
[INFO] [stdout] ...
[INFO] [stdout] 108 | / simd_ty!(u8x16[u8]:
[INFO] [stdout] 109 | |          u8, u8, u8, u8, u8, u8, u8, u8,
[INFO] [stdout] 110 | |          u8, u8, u8, u8, u8, u8, u8, u8
[INFO] [stdout] 111 | |          | x0, x1, x2, x3, x4, x5, x6, x7, x8, x9, x10, x11, x12, x13, x14, x15
[INFO] [stdout] 112 | | );
[INFO] [stdout]     | |__- in this macro invocation
[INFO] [stdout]     |
[INFO] [stdout]     = note: this error originates in a macro (in Nightly builds, run with -Z macro-backtrace for more info)
[INFO] [stdout] 
[INFO] [stdout] 
[INFO] [stdout] error: cannot find derive macro `Clone` in this scope
[INFO] [stdout]    --> src/coresimd/simd.rs:10:24
[INFO] [stdout]     |
[INFO] [stdout] 10  |           #[derive(Copy, Clone, Debug, PartialEq)]
[INFO] [stdout]     |                          ^^^^^
[INFO] [stdout] ...
[INFO] [stdout] 108 | / simd_ty!(u8x16[u8]:
[INFO] [stdout] 109 | |          u8, u8, u8, u8, u8, u8, u8, u8,
[INFO] [stdout] 110 | |          u8, u8, u8, u8, u8, u8, u8, u8
[INFO] [stdout] 111 | |          | x0, x1, x2, x3, x4, x5, x6, x7, x8, x9, x10, x11, x12, x13, x14, x15
[INFO] [stdout] 112 | | );
[INFO] [stdout]     | |__- in this macro invocation
[INFO] [stdout]     |
[INFO] [stdout]     = note: this error originates in a macro (in Nightly builds, run with -Z macro-backtrace for more info)
[INFO] [stdout] 
[INFO] [stdout] 
[INFO] [stdout] error: cannot find derive macro `Debug` in this scope
[INFO] [stdout]    --> src/coresimd/simd.rs:10:31
[INFO] [stdout]     |
[INFO] [stdout] 10  |           #[derive(Copy, Clone, Debug, PartialEq)]
[INFO] [stdout]     |                                 ^^^^^
[INFO] [stdout] ...
[INFO] [stdout] 108 | / simd_ty!(u8x16[u8]:
[INFO] [stdout] 109 | |          u8, u8, u8, u8, u8, u8, u8, u8,
[INFO] [stdout] 110 | |          u8, u8, u8, u8, u8, u8, u8, u8
[INFO] [stdout] 111 | |          | x0, x1, x2, x3, x4, x5, x6, x7, x8, x9, x10, x11, x12, x13, x14, x15
[INFO] [stdout] 112 | | );
[INFO] [stdout]     | |__- in this macro invocation
[INFO] [stdout]     |
[INFO] [stdout]     = note: this error originates in a macro (in Nightly builds, run with -Z macro-backtrace for more info)
[INFO] [stdout] 
[INFO] [stdout] 
[INFO] [stdout] error: cannot find derive macro `PartialEq` in this scope
[INFO] [stdout]    --> src/coresimd/simd.rs:10:38
[INFO] [stdout]     |
[INFO] [stdout] 10  |           #[derive(Copy, Clone, Debug, PartialEq)]
[INFO] [stdout]     |                                        ^^^^^^^^^
[INFO] [stdout] ...
[INFO] [stdout] 108 | / simd_ty!(u8x16[u8]:
[INFO] [stdout] 109 | |          u8, u8, u8, u8, u8, u8, u8, u8,
[INFO] [stdout] 110 | |          u8, u8, u8, u8, u8, u8, u8, u8
[INFO] [stdout] 111 | |          | x0, x1, x2, x3, x4, x5, x6, x7, x8, x9, x10, x11, x12, x13, x14, x15
[INFO] [stdout] 112 | | );
[INFO] [stdout]     | |__- in this macro invocation
[INFO] [stdout]     |
[INFO] [stdout]     = note: this error originates in a macro (in Nightly builds, run with -Z macro-backtrace for more info)
[INFO] [stdout] 
[INFO] [stdout] 
[INFO] [stdout] error: cannot find derive macro `Copy` in this scope
[INFO] [stdout]    --> src/coresimd/simd.rs:10:18
[INFO] [stdout]     |
[INFO] [stdout] 10  |           #[derive(Copy, Clone, Debug, PartialEq)]
[INFO] [stdout]     |                    ^^^^
[INFO] [stdout] ...
[INFO] [stdout] 113 | / simd_ty!(u16x8[u16]:
[INFO] [stdout] 114 | |          u16, u16, u16, u16, u16, u16, u16, u16
[INFO] [stdout] 115 | |          | x0, x1, x2, x3, x4, x5, x6, x7);
[INFO] [stdout]     | |___________________________________________- in this macro invocation
[INFO] [stdout]     |
[INFO] [stdout]     = note: this error originates in a macro (in Nightly builds, run with -Z macro-backtrace for more info)
[INFO] [stdout] 
[INFO] [stdout] 
[INFO] [stdout] error: cannot find derive macro `Clone` in this scope
[INFO] [stdout]    --> src/coresimd/simd.rs:10:24
[INFO] [stdout]     |
[INFO] [stdout] 10  |           #[derive(Copy, Clone, Debug, PartialEq)]
[INFO] [stdout]     |                          ^^^^^
[INFO] [stdout] ...
[INFO] [stdout] 113 | / simd_ty!(u16x8[u16]:
[INFO] [stdout] 114 | |          u16, u16, u16, u16, u16, u16, u16, u16
[INFO] [stdout] 115 | |          | x0, x1, x2, x3, x4, x5, x6, x7);
[INFO] [stdout]     | |___________________________________________- in this macro invocation
[INFO] [stdout]     |
[INFO] [stdout]     = note: this error originates in a macro (in Nightly builds, run with -Z macro-backtrace for more info)
[INFO] [stdout] 
[INFO] [stdout] 
[INFO] [stdout] error: cannot find derive macro `Debug` in this scope
[INFO] [stdout]    --> src/coresimd/simd.rs:10:31
[INFO] [stdout]     |
[INFO] [stdout] 10  |           #[derive(Copy, Clone, Debug, PartialEq)]
[INFO] [stdout]     |                                 ^^^^^
[INFO] [stdout] ...
[INFO] [stdout] 113 | / simd_ty!(u16x8[u16]:
[INFO] [stdout] 114 | |          u16, u16, u16, u16, u16, u16, u16, u16
[INFO] [stdout] 115 | |          | x0, x1, x2, x3, x4, x5, x6, x7);
[INFO] [stdout]     | |___________________________________________- in this macro invocation
[INFO] [stdout]     |
[INFO] [stdout]     = note: this error originates in a macro (in Nightly builds, run with -Z macro-backtrace for more info)
[INFO] [stdout] 
[INFO] [stdout] 
[INFO] [stdout] error: cannot find derive macro `PartialEq` in this scope
[INFO] [stdout]    --> src/coresimd/simd.rs:10:38
[INFO] [stdout]     |
[INFO] [stdout] 10  |           #[derive(Copy, Clone, Debug, PartialEq)]
[INFO] [stdout]     |                                        ^^^^^^^^^
[INFO] [stdout] ...
[INFO] [stdout] 113 | / simd_ty!(u16x8[u16]:
[INFO] [stdout] 114 | |          u16, u16, u16, u16, u16, u16, u16, u16
[INFO] [stdout] 115 | |          | x0, x1, x2, x3, x4, x5, x6, x7);
[INFO] [stdout]     | |___________________________________________- in this macro invocation
[INFO] [stdout]     |
[INFO] [stdout]     = note: this error originates in a macro (in Nightly builds, run with -Z macro-backtrace for more info)
[INFO] [stdout] 
[INFO] [stdout] 
[INFO] [stdout] error: cannot find derive macro `Copy` in this scope
[INFO] [stdout]    --> src/coresimd/simd.rs:10:18
[INFO] [stdout]     |
[INFO] [stdout] 10  |         #[derive(Copy, Clone, Debug, PartialEq)]
[INFO] [stdout]     |                  ^^^^
[INFO] [stdout] ...
[INFO] [stdout] 116 | simd_ty!(u32x4[u32]: u32, u32, u32, u32 | x0, x1, x2, x3);
[INFO] [stdout]     | ---------------------------------------------------------- in this macro invocation
[INFO] [stdout]     |
[INFO] [stdout]     = note: this error originates in a macro (in Nightly builds, run with -Z macro-backtrace for more info)
[INFO] [stdout] 
[INFO] [stdout] 
[INFO] [stdout] error: cannot find derive macro `Clone` in this scope
[INFO] [stdout]    --> src/coresimd/simd.rs:10:24
[INFO] [stdout]     |
[INFO] [stdout] 10  |         #[derive(Copy, Clone, Debug, PartialEq)]
[INFO] [stdout]     |                        ^^^^^
[INFO] [stdout] ...
[INFO] [stdout] 116 | simd_ty!(u32x4[u32]: u32, u32, u32, u32 | x0, x1, x2, x3);
[INFO] [stdout]     | ---------------------------------------------------------- in this macro invocation
[INFO] [stdout]     |
[INFO] [stdout]     = note: this error originates in a macro (in Nightly builds, run with -Z macro-backtrace for more info)
[INFO] [stdout] 
[INFO] [stdout] 
[INFO] [stdout] error: cannot find derive macro `Debug` in this scope
[INFO] [stdout]    --> src/coresimd/simd.rs:10:31
[INFO] [stdout]     |
[INFO] [stdout] 10  |         #[derive(Copy, Clone, Debug, PartialEq)]
[INFO] [stdout]     |                               ^^^^^
[INFO] [stdout] ...
[INFO] [stdout] 116 | simd_ty!(u32x4[u32]: u32, u32, u32, u32 | x0, x1, x2, x3);
[INFO] [stdout]     | ---------------------------------------------------------- in this macro invocation
[INFO] [stdout]     |
[INFO] [stdout]     = note: this error originates in a macro (in Nightly builds, run with -Z macro-backtrace for more info)
[INFO] [stdout] 
[INFO] [stdout] 
[INFO] [stdout] error: cannot find derive macro `PartialEq` in this scope
[INFO] [stdout]    --> src/coresimd/simd.rs:10:38
[INFO] [stdout]     |
[INFO] [stdout] 10  |         #[derive(Copy, Clone, Debug, PartialEq)]
[INFO] [stdout]     |                                      ^^^^^^^^^
[INFO] [stdout] ...
[INFO] [stdout] 116 | simd_ty!(u32x4[u32]: u32, u32, u32, u32 | x0, x1, x2, x3);
[INFO] [stdout]     | ---------------------------------------------------------- in this macro invocation
[INFO] [stdout]     |
[INFO] [stdout]     = note: this error originates in a macro (in Nightly builds, run with -Z macro-backtrace for more info)
[INFO] [stdout] 
[INFO] [stdout] 
[INFO] [stdout] error: cannot find derive macro `Copy` in this scope
[INFO] [stdout]    --> src/coresimd/simd.rs:10:18
[INFO] [stdout]     |
[INFO] [stdout] 10  |         #[derive(Copy, Clone, Debug, PartialEq)]
[INFO] [stdout]     |                  ^^^^
[INFO] [stdout] ...
[INFO] [stdout] 117 | simd_ty!(u64x2[u64]: u64, u64 | x0, x1);
[INFO] [stdout]     | ---------------------------------------- in this macro invocation
[INFO] [stdout]     |
[INFO] [stdout]     = note: this error originates in a macro (in Nightly builds, run with -Z macro-backtrace for more info)
[INFO] [stdout] 
[INFO] [stdout] 
[INFO] [stdout] error: cannot find derive macro `Clone` in this scope
[INFO] [stdout]    --> src/coresimd/simd.rs:10:24
[INFO] [stdout]     |
[INFO] [stdout] 10  |         #[derive(Copy, Clone, Debug, PartialEq)]
[INFO] [stdout]     |                        ^^^^^
[INFO] [stdout] ...
[INFO] [stdout] 117 | simd_ty!(u64x2[u64]: u64, u64 | x0, x1);
[INFO] [stdout]     | ---------------------------------------- in this macro invocation
[INFO] [stdout]     |
[INFO] [stdout]     = note: this error originates in a macro (in Nightly builds, run with -Z macro-backtrace for more info)
[INFO] [stdout] 
[INFO] [stdout] 
[INFO] [stdout] error: cannot find derive macro `Debug` in this scope
[INFO] [stdout]    --> src/coresimd/simd.rs:10:31
[INFO] [stdout]     |
[INFO] [stdout] 10  |         #[derive(Copy, Clone, Debug, PartialEq)]
[INFO] [stdout]     |                               ^^^^^
[INFO] [stdout] ...
[INFO] [stdout] 117 | simd_ty!(u64x2[u64]: u64, u64 | x0, x1);
[INFO] [stdout]     | ---------------------------------------- in this macro invocation
[INFO] [stdout]     |
[INFO] [stdout]     = note: this error originates in a macro (in Nightly builds, run with -Z macro-backtrace for more info)
[INFO] [stdout] 
[INFO] [stdout] 
[INFO] [stdout] error: cannot find derive macro `PartialEq` in this scope
[INFO] [stdout]    --> src/coresimd/simd.rs:10:38
[INFO] [stdout]     |
[INFO] [stdout] 10  |         #[derive(Copy, Clone, Debug, PartialEq)]
[INFO] [stdout]     |                                      ^^^^^^^^^
[INFO] [stdout] ...
[INFO] [stdout] 117 | simd_ty!(u64x2[u64]: u64, u64 | x0, x1);
[INFO] [stdout]     | ---------------------------------------- in this macro invocation
[INFO] [stdout]     |
[INFO] [stdout]     = note: this error originates in a macro (in Nightly builds, run with -Z macro-backtrace for more info)
[INFO] [stdout] 
[INFO] [stdout] 
[INFO] [stdout] error: cannot find derive macro `Copy` in this scope
[INFO] [stdout]    --> src/coresimd/simd.rs:10:18
[INFO] [stdout]     |
[INFO] [stdout] 10  |           #[derive(Copy, Clone, Debug, PartialEq)]
[INFO] [stdout]     |                    ^^^^
[INFO] [stdout] ...
[INFO] [stdout] 119 | / simd_ty!(i8x16[i8]:
[INFO] [stdout] 120 | |          i8, i8, i8, i8, i8, i8, i8, i8,
[INFO] [stdout] 121 | |          i8, i8, i8, i8, i8, i8, i8, i8
[INFO] [stdout] 122 | |          | x0, x1, x2, x3, x4, x5, x6, x7, x8, x9, x10, x11, x12, x13, x14, x15
[INFO] [stdout] 123 | | );
[INFO] [stdout]     | |__- in this macro invocation
[INFO] [stdout]     |
[INFO] [stdout]     = note: this error originates in a macro (in Nightly builds, run with -Z macro-backtrace for more info)
[INFO] [stdout] 
[INFO] [stdout] 
[INFO] [stdout] error: cannot find derive macro `Clone` in this scope
[INFO] [stdout]    --> src/coresimd/simd.rs:10:24
[INFO] [stdout]     |
[INFO] [stdout] 10  |           #[derive(Copy, Clone, Debug, PartialEq)]
[INFO] [stdout]     |                          ^^^^^
[INFO] [stdout] ...
[INFO] [stdout] 119 | / simd_ty!(i8x16[i8]:
[INFO] [stdout] 120 | |          i8, i8, i8, i8, i8, i8, i8, i8,
[INFO] [stdout] 121 | |          i8, i8, i8, i8, i8, i8, i8, i8
[INFO] [stdout] 122 | |          | x0, x1, x2, x3, x4, x5, x6, x7, x8, x9, x10, x11, x12, x13, x14, x15
[INFO] [stdout] 123 | | );
[INFO] [stdout]     | |__- in this macro invocation
[INFO] [stdout]     |
[INFO] [stdout]     = note: this error originates in a macro (in Nightly builds, run with -Z macro-backtrace for more info)
[INFO] [stdout] 
[INFO] [stdout] 
[INFO] [stdout] error: cannot find derive macro `Debug` in this scope
[INFO] [stdout]    --> src/coresimd/simd.rs:10:31
[INFO] [stdout]     |
[INFO] [stdout] 10  |           #[derive(Copy, Clone, Debug, PartialEq)]
[INFO] [stdout]     |                                 ^^^^^
[INFO] [stdout] ...
[INFO] [stdout] 119 | / simd_ty!(i8x16[i8]:
[INFO] [stdout] 120 | |          i8, i8, i8, i8, i8, i8, i8, i8,
[INFO] [stdout] 121 | |          i8, i8, i8, i8, i8, i8, i8, i8
[INFO] [stdout] 122 | |          | x0, x1, x2, x3, x4, x5, x6, x7, x8, x9, x10, x11, x12, x13, x14, x15
[INFO] [stdout] 123 | | );
[INFO] [stdout]     | |__- in this macro invocation
[INFO] [stdout]     |
[INFO] [stdout]     = note: this error originates in a macro (in Nightly builds, run with -Z macro-backtrace for more info)
[INFO] [stdout] 
[INFO] [stdout] 
[INFO] [stdout] error: cannot find derive macro `PartialEq` in this scope
[INFO] [stdout]    --> src/coresimd/simd.rs:10:38
[INFO] [stdout]     |
[INFO] [stdout] 10  |           #[derive(Copy, Clone, Debug, PartialEq)]
[INFO] [stdout]     |                                        ^^^^^^^^^
[INFO] [stdout] ...
[INFO] [stdout] 119 | / simd_ty!(i8x16[i8]:
[INFO] [stdout] 120 | |          i8, i8, i8, i8, i8, i8, i8, i8,
[INFO] [stdout] 121 | |          i8, i8, i8, i8, i8, i8, i8, i8
[INFO] [stdout] 122 | |          | x0, x1, x2, x3, x4, x5, x6, x7, x8, x9, x10, x11, x12, x13, x14, x15
[INFO] [stdout] 123 | | );
[INFO] [stdout]     | |__- in this macro invocation
[INFO] [stdout]     |
[INFO] [stdout]     = note: this error originates in a macro (in Nightly builds, run with -Z macro-backtrace for more info)
[INFO] [stdout] 
[INFO] [stdout] 
[INFO] [stdout] error: cannot find derive macro `Copy` in this scope
[INFO] [stdout]    --> src/coresimd/simd.rs:10:18
[INFO] [stdout]     |
[INFO] [stdout] 10  |           #[derive(Copy, Clone, Debug, PartialEq)]
[INFO] [stdout]     |                    ^^^^
[INFO] [stdout] ...
[INFO] [stdout] 124 | / simd_ty!(i16x8[i16]:
[INFO] [stdout] 125 | |          i16, i16, i16, i16, i16, i16, i16, i16
[INFO] [stdout] 126 | |          | x0, x1, x2, x3, x4, x5, x6, x7);
[INFO] [stdout]     | |___________________________________________- in this macro invocation
[INFO] [stdout]     |
[INFO] [stdout]     = note: this error originates in a macro (in Nightly builds, run with -Z macro-backtrace for more info)
[INFO] [stdout] 
[INFO] [stdout] 
[INFO] [stdout] error: cannot find derive macro `Clone` in this scope
[INFO] [stdout]    --> src/coresimd/simd.rs:10:24
[INFO] [stdout]     |
[INFO] [stdout] 10  |           #[derive(Copy, Clone, Debug, PartialEq)]
[INFO] [stdout]     |                          ^^^^^
[INFO] [stdout] ...
[INFO] [stdout] 124 | / simd_ty!(i16x8[i16]:
[INFO] [stdout] 125 | |          i16, i16, i16, i16, i16, i16, i16, i16
[INFO] [stdout] 126 | |          | x0, x1, x2, x3, x4, x5, x6, x7);
[INFO] [stdout]     | |___________________________________________- in this macro invocation
[INFO] [stdout]     |
[INFO] [stdout]     = note: this error originates in a macro (in Nightly builds, run with -Z macro-backtrace for more info)
[INFO] [stdout] 
[INFO] [stdout] 
[INFO] [stdout] error: cannot find derive macro `Debug` in this scope
[INFO] [stdout]    --> src/coresimd/simd.rs:10:31
[INFO] [stdout]     |
[INFO] [stdout] 10  |           #[derive(Copy, Clone, Debug, PartialEq)]
[INFO] [stdout]     |                                 ^^^^^
[INFO] [stdout] ...
[INFO] [stdout] 124 | / simd_ty!(i16x8[i16]:
[INFO] [stdout] 125 | |          i16, i16, i16, i16, i16, i16, i16, i16
[INFO] [stdout] 126 | |          | x0, x1, x2, x3, x4, x5, x6, x7);
[INFO] [stdout]     | |___________________________________________- in this macro invocation
[INFO] [stdout]     |
[INFO] [stdout]     = note: this error originates in a macro (in Nightly builds, run with -Z macro-backtrace for more info)
[INFO] [stdout] 
[INFO] [stdout] 
[INFO] [stdout] error: cannot find derive macro `PartialEq` in this scope
[INFO] [stdout]    --> src/coresimd/simd.rs:10:38
[INFO] [stdout]     |
[INFO] [stdout] 10  |           #[derive(Copy, Clone, Debug, PartialEq)]
[INFO] [stdout]     |                                        ^^^^^^^^^
[INFO] [stdout] ...
[INFO] [stdout] 124 | / simd_ty!(i16x8[i16]:
[INFO] [stdout] 125 | |          i16, i16, i16, i16, i16, i16, i16, i16
[INFO] [stdout] 126 | |          | x0, x1, x2, x3, x4, x5, x6, x7);
[INFO] [stdout]     | |___________________________________________- in this macro invocation
[INFO] [stdout]     |
[INFO] [stdout]     = note: this error originates in a macro (in Nightly builds, run with -Z macro-backtrace for more info)
[INFO] [stdout] 
[INFO] [stdout] 
[INFO] [stdout] error: cannot find derive macro `Copy` in this scope
[INFO] [stdout]    --> src/coresimd/simd.rs:10:18
[INFO] [stdout]     |
[INFO] [stdout] 10  |         #[derive(Copy, Clone, Debug, PartialEq)]
[INFO] [stdout]     |                  ^^^^
[INFO] [stdout] ...
[INFO] [stdout] 127 | simd_ty!(i32x4[i32]: i32, i32, i32, i32 | x0, x1, x2, x3);
[INFO] [stdout]     | ---------------------------------------------------------- in this macro invocation
[INFO] [stdout]     |
[INFO] [stdout]     = note: this error originates in a macro (in Nightly builds, run with -Z macro-backtrace for more info)
[INFO] [stdout] 
[INFO] [stdout] 
[INFO] [stdout] error: cannot find derive macro `Clone` in this scope
[INFO] [stdout]    --> src/coresimd/simd.rs:10:24
[INFO] [stdout]     |
[INFO] [stdout] 10  |         #[derive(Copy, Clone, Debug, PartialEq)]
[INFO] [stdout]     |                        ^^^^^
[INFO] [stdout] ...
[INFO] [stdout] 127 | simd_ty!(i32x4[i32]: i32, i32, i32, i32 | x0, x1, x2, x3);
[INFO] [stdout]     | ---------------------------------------------------------- in this macro invocation
[INFO] [stdout]     |
[INFO] [stdout]     = note: this error originates in a macro (in Nightly builds, run with -Z macro-backtrace for more info)
[INFO] [stdout] 
[INFO] [stdout] 
[INFO] [stdout] error: cannot find derive macro `Debug` in this scope
[INFO] [stdout]    --> src/coresimd/simd.rs:10:31
[INFO] [stdout]     |
[INFO] [stdout] 10  |         #[derive(Copy, Clone, Debug, PartialEq)]
[INFO] [stdout]     |                               ^^^^^
[INFO] [stdout] ...
[INFO] [stdout] 127 | simd_ty!(i32x4[i32]: i32, i32, i32, i32 | x0, x1, x2, x3);
[INFO] [stdout]     | ---------------------------------------------------------- in this macro invocation
[INFO] [stdout]     |
[INFO] [stdout]     = note: this error originates in a macro (in Nightly builds, run with -Z macro-backtrace for more info)
[INFO] [stdout] 
[INFO] [stdout] 
[INFO] [stdout] error: cannot find derive macro `PartialEq` in this scope
[INFO] [stdout]    --> src/coresimd/simd.rs:10:38
[INFO] [stdout]     |
[INFO] [stdout] 10  |         #[derive(Copy, Clone, Debug, PartialEq)]
[INFO] [stdout]     |                                      ^^^^^^^^^
[INFO] [stdout] ...
[INFO] [stdout] 127 | simd_ty!(i32x4[i32]: i32, i32, i32, i32 | x0, x1, x2, x3);
[INFO] [stdout]     | ---------------------------------------------------------- in this macro invocation
[INFO] [stdout]     |
[INFO] [stdout]     = note: this error originates in a macro (in Nightly builds, run with -Z macro-backtrace for more info)
[INFO] [stdout] 
[INFO] [stdout] 
[INFO] [stdout] error: cannot find derive macro `Copy` in this scope
[INFO] [stdout]    --> src/coresimd/simd.rs:10:18
[INFO] [stdout]     |
[INFO] [stdout] 10  |         #[derive(Copy, Clone, Debug, PartialEq)]
[INFO] [stdout]     |                  ^^^^
[INFO] [stdout] ...
[INFO] [stdout] 128 | simd_ty!(i64x2[i64]: i64, i64 | x0, x1);
[INFO] [stdout]     | ---------------------------------------- in this macro invocation
[INFO] [stdout]     |
[INFO] [stdout]     = note: this error originates in a macro (in Nightly builds, run with -Z macro-backtrace for more info)
[INFO] [stdout] 
[INFO] [stdout] 
[INFO] [stdout] error: cannot find derive macro `Clone` in this scope
[INFO] [stdout]    --> src/coresimd/simd.rs:10:24
[INFO] [stdout]     |
[INFO] [stdout] 10  |         #[derive(Copy, Clone, Debug, PartialEq)]
[INFO] [stdout]     |                        ^^^^^
[INFO] [stdout] ...
[INFO] [stdout] 128 | simd_ty!(i64x2[i64]: i64, i64 | x0, x1);
[INFO] [stdout]     | ---------------------------------------- in this macro invocation
[INFO] [stdout]     |
[INFO] [stdout]     = note: this error originates in a macro (in Nightly builds, run with -Z macro-backtrace for more info)
[INFO] [stdout] 
[INFO] [stdout] 
[INFO] [stdout] error: cannot find derive macro `Debug` in this scope
[INFO] [stdout]    --> src/coresimd/simd.rs:10:31
[INFO] [stdout]     |
[INFO] [stdout] 10  |         #[derive(Copy, Clone, Debug, PartialEq)]
[INFO] [stdout]     |                               ^^^^^
[INFO] [stdout] ...
[INFO] [stdout] 128 | simd_ty!(i64x2[i64]: i64, i64 | x0, x1);
[INFO] [stdout]     | ---------------------------------------- in this macro invocation
[INFO] [stdout]     |
[INFO] [stdout]     = note: this error originates in a macro (in Nightly builds, run with -Z macro-backtrace for more info)
[INFO] [stdout] 
[INFO] [stdout] 
[INFO] [stdout] error: cannot find derive macro `PartialEq` in this scope
[INFO] [stdout]    --> src/coresimd/simd.rs:10:38
[INFO] [stdout]     |
[INFO] [stdout] 10  |         #[derive(Copy, Clone, Debug, PartialEq)]
[INFO] [stdout]     |                                      ^^^^^^^^^
[INFO] [stdout] ...
[INFO] [stdout] 128 | simd_ty!(i64x2[i64]: i64, i64 | x0, x1);
[INFO] [stdout]     | ---------------------------------------- in this macro invocation
[INFO] [stdout]     |
[INFO] [stdout]     = note: this error originates in a macro (in Nightly builds, run with -Z macro-backtrace for more info)
[INFO] [stdout] 
[INFO] [stdout] 
[INFO] [stdout] error: cannot find derive macro `Copy` in this scope
[INFO] [stdout]    --> src/coresimd/simd.rs:10:18
[INFO] [stdout]     |
[INFO] [stdout] 10  |         #[derive(Copy, Clone, Debug, PartialEq)]
[INFO] [stdout]     |                  ^^^^
[INFO] [stdout] ...
[INFO] [stdout] 130 | simd_ty!(f32x4[f32]: f32, f32, f32, f32 | x0, x1, x2, x3);
[INFO] [stdout]     | ---------------------------------------------------------- in this macro invocation
[INFO] [stdout]     |
[INFO] [stdout]     = note: this error originates in a macro (in Nightly builds, run with -Z macro-backtrace for more info)
[INFO] [stdout] 
[INFO] [stdout] 
[INFO] [stdout] error: cannot find derive macro `Clone` in this scope
[INFO] [stdout]    --> src/coresimd/simd.rs:10:24
[INFO] [stdout]     |
[INFO] [stdout] 10  |         #[derive(Copy, Clone, Debug, PartialEq)]
[INFO] [stdout]     |                        ^^^^^
[INFO] [stdout] ...
[INFO] [stdout] 130 | simd_ty!(f32x4[f32]: f32, f32, f32, f32 | x0, x1, x2, x3);
[INFO] [stdout]     | ---------------------------------------------------------- in this macro invocation
[INFO] [stdout]     |
[INFO] [stdout]     = note: this error originates in a macro (in Nightly builds, run with -Z macro-backtrace for more info)
[INFO] [stdout] 
[INFO] [stdout] 
[INFO] [stdout] error: cannot find derive macro `Debug` in this scope
[INFO] [stdout]    --> src/coresimd/simd.rs:10:31
[INFO] [stdout]     |
[INFO] [stdout] 10  |         #[derive(Copy, Clone, Debug, PartialEq)]
[INFO] [stdout]     |                               ^^^^^
[INFO] [stdout] ...
[INFO] [stdout] 130 | simd_ty!(f32x4[f32]: f32, f32, f32, f32 | x0, x1, x2, x3);
[INFO] [stdout]     | ---------------------------------------------------------- in this macro invocation
[INFO] [stdout]     |
[INFO] [stdout]     = note: this error originates in a macro (in Nightly builds, run with -Z macro-backtrace for more info)
[INFO] [stdout] 
[INFO] [stdout] 
[INFO] [stdout] error: cannot find derive macro `PartialEq` in this scope
[INFO] [stdout]    --> src/coresimd/simd.rs:10:38
[INFO] [stdout]     |
[INFO] [stdout] 10  |         #[derive(Copy, Clone, Debug, PartialEq)]
[INFO] [stdout]     |                                      ^^^^^^^^^
[INFO] [stdout] ...
[INFO] [stdout] 130 | simd_ty!(f32x4[f32]: f32, f32, f32, f32 | x0, x1, x2, x3);
[INFO] [stdout]     | ---------------------------------------------------------- in this macro invocation
[INFO] [stdout]     |
[INFO] [stdout]     = note: this error originates in a macro (in Nightly builds, run with -Z macro-backtrace for more info)
[INFO] [stdout] 
[INFO] [stdout] 
[INFO] [stdout] error: cannot find derive macro `Copy` in this scope
[INFO] [stdout]    --> src/coresimd/simd.rs:10:18
[INFO] [stdout]     |
[INFO] [stdout] 10  |         #[derive(Copy, Clone, Debug, PartialEq)]
[INFO] [stdout]     |                  ^^^^
[INFO] [stdout] ...
[INFO] [stdout] 131 | simd_ty!(f64x2[f64]: f64, f64 | x0, x1);
[INFO] [stdout]     | ---------------------------------------- in this macro invocation
[INFO] [stdout]     |
[INFO] [stdout]     = note: this error originates in a macro (in Nightly builds, run with -Z macro-backtrace for more info)
[INFO] [stdout] 
[INFO] [stdout] 
[INFO] [stdout] error: cannot find derive macro `Clone` in this scope
[INFO] [stdout]    --> src/coresimd/simd.rs:10:24
[INFO] [stdout]     |
[INFO] [stdout] 10  |         #[derive(Copy, Clone, Debug, PartialEq)]
[INFO] [stdout]     |                        ^^^^^
[INFO] [stdout] ...
[INFO] [stdout] 131 | simd_ty!(f64x2[f64]: f64, f64 | x0, x1);
[INFO] [stdout]     | ---------------------------------------- in this macro invocation
[INFO] [stdout]     |
[INFO] [stdout]     = note: this error originates in a macro (in Nightly builds, run with -Z macro-backtrace for more info)
[INFO] [stdout] 
[INFO] [stdout] 
[INFO] [stdout] error: cannot find derive macro `Debug` in this scope
[INFO] [stdout]    --> src/coresimd/simd.rs:10:31
[INFO] [stdout]     |
[INFO] [stdout] 10  |         #[derive(Copy, Clone, Debug, PartialEq)]
[INFO] [stdout]     |                               ^^^^^
[INFO] [stdout] ...
[INFO] [stdout] 131 | simd_ty!(f64x2[f64]: f64, f64 | x0, x1);
[INFO] [stdout]     | ---------------------------------------- in this macro invocation
[INFO] [stdout]     |
[INFO] [stdout]     = note: this error originates in a macro (in Nightly builds, run with -Z macro-backtrace for more info)
[INFO] [stdout] 
[INFO] [stdout] 
[INFO] [stdout] error: cannot find derive macro `PartialEq` in this scope
[INFO] [stdout]    --> src/coresimd/simd.rs:10:38
[INFO] [stdout]     |
[INFO] [stdout] 10  |         #[derive(Copy, Clone, Debug, PartialEq)]
[INFO] [stdout]     |                                      ^^^^^^^^^
[INFO] [stdout] ...
[INFO] [stdout] 131 | simd_ty!(f64x2[f64]: f64, f64 | x0, x1);
[INFO] [stdout]     | ---------------------------------------- in this macro invocation
[INFO] [stdout]     |
[INFO] [stdout]     = note: this error originates in a macro (in Nightly builds, run with -Z macro-backtrace for more info)
[INFO] [stdout] 
[INFO] [stdout] 
[INFO] [stdout] error: cannot find derive macro `Copy` in this scope
[INFO] [stdout]    --> src/coresimd/simd.rs:41:18
[INFO] [stdout]     |
[INFO] [stdout] 41  |           #[derive(Copy, Clone, Debug, PartialEq)]
[INFO] [stdout]     |                    ^^^^
[INFO] [stdout] ...
[INFO] [stdout] 133 | / simd_m_ty!(m8x16[i8]:
[INFO] [stdout] 134 | |            i8, i8, i8, i8, i8, i8, i8, i8,
[INFO] [stdout] 135 | |            i8, i8, i8, i8, i8, i8, i8, i8
[INFO] [stdout] 136 | |            | x0, x1, x2, x3, x4, x5, x6, x7, x8, x9, x10, x11, x12, x13, x14, x15
[INFO] [stdout] 137 | | );
[INFO] [stdout]     | |__- in this macro invocation
[INFO] [stdout]     |
[INFO] [stdout]     = note: this error originates in a macro (in Nightly builds, run with -Z macro-backtrace for more info)
[INFO] [stdout] 
[INFO] [stdout] 
[INFO] [stdout] error: cannot find derive macro `Clone` in this scope
[INFO] [stdout]    --> src/coresimd/simd.rs:41:24
[INFO] [stdout]     |
[INFO] [stdout] 41  |           #[derive(Copy, Clone, Debug, PartialEq)]
[INFO] [stdout]     |                          ^^^^^
[INFO] [stdout] ...
[INFO] [stdout] 133 | / simd_m_ty!(m8x16[i8]:
[INFO] [stdout] 134 | |            i8, i8, i8, i8, i8, i8, i8, i8,
[INFO] [stdout] 135 | |            i8, i8, i8, i8, i8, i8, i8, i8
[INFO] [stdout] 136 | |            | x0, x1, x2, x3, x4, x5, x6, x7, x8, x9, x10, x11, x12, x13, x14, x15
[INFO] [stdout] 137 | | );
[INFO] [stdout]     | |__- in this macro invocation
[INFO] [stdout]     |
[INFO] [stdout]     = note: this error originates in a macro (in Nightly builds, run with -Z macro-backtrace for more info)
[INFO] [stdout] 
[INFO] [stdout] 
[INFO] [stdout] error: cannot find derive macro `Debug` in this scope
[INFO] [stdout]    --> src/coresimd/simd.rs:41:31
[INFO] [stdout]     |
[INFO] [stdout] 41  |           #[derive(Copy, Clone, Debug, PartialEq)]
[INFO] [stdout]     |                                 ^^^^^
[INFO] [stdout] ...
[INFO] [stdout] 133 | / simd_m_ty!(m8x16[i8]:
[INFO] [stdout] 134 | |            i8, i8, i8, i8, i8, i8, i8, i8,
[INFO] [stdout] 135 | |            i8, i8, i8, i8, i8, i8, i8, i8
[INFO] [stdout] 136 | |            | x0, x1, x2, x3, x4, x5, x6, x7, x8, x9, x10, x11, x12, x13, x14, x15
[INFO] [stdout] 137 | | );
[INFO] [stdout]     | |__- in this macro invocation
[INFO] [stdout]     |
[INFO] [stdout]     = note: this error originates in a macro (in Nightly builds, run with -Z macro-backtrace for more info)
[INFO] [stdout] 
[INFO] [stdout] 
[INFO] [stdout] error: cannot find derive macro `PartialEq` in this scope
[INFO] [stdout]    --> src/coresimd/simd.rs:41:38
[INFO] [stdout]     |
[INFO] [stdout] 41  |           #[derive(Copy, Clone, Debug, PartialEq)]
[INFO] [stdout]     |                                        ^^^^^^^^^
[INFO] [stdout] ...
[INFO] [stdout] 133 | / simd_m_ty!(m8x16[i8]:
[INFO] [stdout] 134 | |            i8, i8, i8, i8, i8, i8, i8, i8,
[INFO] [stdout] 135 | |            i8, i8, i8, i8, i8, i8, i8, i8
[INFO] [stdout] 136 | |            | x0, x1, x2, x3, x4, x5, x6, x7, x8, x9, x10, x11, x12, x13, x14, x15
[INFO] [stdout] 137 | | );
[INFO] [stdout]     | |__- in this macro invocation
[INFO] [stdout]     |
[INFO] [stdout]     = note: this error originates in a macro (in Nightly builds, run with -Z macro-backtrace for more info)
[INFO] [stdout] 
[INFO] [stdout] 
[INFO] [stdout] error: cannot find derive macro `Copy` in this scope
[INFO] [stdout]    --> src/coresimd/simd.rs:41:18
[INFO] [stdout]     |
[INFO] [stdout] 41  |           #[derive(Copy, Clone, Debug, PartialEq)]
[INFO] [stdout]     |                    ^^^^
[INFO] [stdout] ...
[INFO] [stdout] 138 | / simd_m_ty!(m16x8[i16]:
[INFO] [stdout] 139 | |            i16, i16, i16, i16, i16, i16, i16, i16
[INFO] [stdout] 140 | |            | x0, x1, x2, x3, x4, x5, x6, x7);
[INFO] [stdout]     | |_____________________________________________- in this macro invocation
[INFO] [stdout]     |
[INFO] [stdout]     = note: this error originates in a macro (in Nightly builds, run with -Z macro-backtrace for more info)
[INFO] [stdout] 
[INFO] [stdout] 
[INFO] [stdout] error: cannot find derive macro `Clone` in this scope
[INFO] [stdout]    --> src/coresimd/simd.rs:41:24
[INFO] [stdout]     |
[INFO] [stdout] 41  |           #[derive(Copy, Clone, Debug, PartialEq)]
[INFO] [stdout]     |                          ^^^^^
[INFO] [stdout] ...
[INFO] [stdout] 138 | / simd_m_ty!(m16x8[i16]:
[INFO] [stdout] 139 | |            i16, i16, i16, i16, i16, i16, i16, i16
[INFO] [stdout] 140 | |            | x0, x1, x2, x3, x4, x5, x6, x7);
[INFO] [stdout]     | |_____________________________________________- in this macro invocation
[INFO] [stdout]     |
[INFO] [stdout]     = note: this error originates in a macro (in Nightly builds, run with -Z macro-backtrace for more info)
[INFO] [stdout] 
[INFO] [stdout] 
[INFO] [stdout] error: cannot find derive macro `Debug` in this scope
[INFO] [stdout]    --> src/coresimd/simd.rs:41:31
[INFO] [stdout]     |
[INFO] [stdout] 41  |           #[derive(Copy, Clone, Debug, PartialEq)]
[INFO] [stdout]     |                                 ^^^^^
[INFO] [stdout] ...
[INFO] [stdout] 138 | / simd_m_ty!(m16x8[i16]:
[INFO] [stdout] 139 | |            i16, i16, i16, i16, i16, i16, i16, i16
[INFO] [stdout] 140 | |            | x0, x1, x2, x3, x4, x5, x6, x7);
[INFO] [stdout]     | |_____________________________________________- in this macro invocation
[INFO] [stdout]     |
[INFO] [stdout]     = note: this error originates in a macro (in Nightly builds, run with -Z macro-backtrace for more info)
[INFO] [stdout] 
[INFO] [stdout] 
[INFO] [stdout] error: cannot find derive macro `PartialEq` in this scope
[INFO] [stdout]    --> src/coresimd/simd.rs:41:38
[INFO] [stdout]     |
[INFO] [stdout] 41  |           #[derive(Copy, Clone, Debug, PartialEq)]
[INFO] [stdout]     |                                        ^^^^^^^^^
[INFO] [stdout] ...
[INFO] [stdout] 138 | / simd_m_ty!(m16x8[i16]:
[INFO] [stdout] 139 | |            i16, i16, i16, i16, i16, i16, i16, i16
[INFO] [stdout] 140 | |            | x0, x1, x2, x3, x4, x5, x6, x7);
[INFO] [stdout]     | |_____________________________________________- in this macro invocation
[INFO] [stdout]     |
[INFO] [stdout]     = note: this error originates in a macro (in Nightly builds, run with -Z macro-backtrace for more info)
[INFO] [stdout] 
[INFO] [stdout] 
[INFO] [stdout] error: cannot find derive macro `Copy` in this scope
[INFO] [stdout]    --> src/coresimd/simd.rs:41:18
[INFO] [stdout]     |
[INFO] [stdout] 41  |         #[derive(Copy, Clone, Debug, PartialEq)]
[INFO] [stdout]     |                  ^^^^
[INFO] [stdout] ...
[INFO] [stdout] 141 | simd_m_ty!(m32x4[i32]: i32, i32, i32, i32 | x0, x1, x2, x3);
[INFO] [stdout]     | ------------------------------------------------------------ in this macro invocation
[INFO] [stdout]     |
[INFO] [stdout]     = note: this error originates in a macro (in Nightly builds, run with -Z macro-backtrace for more info)
[INFO] [stdout] 
[INFO] [stdout] 
[INFO] [stdout] error: cannot find derive macro `Clone` in this scope
[INFO] [stdout]    --> src/coresimd/simd.rs:41:24
[INFO] [stdout]     |
[INFO] [stdout] 41  |         #[derive(Copy, Clone, Debug, PartialEq)]
[INFO] [stdout]     |                        ^^^^^
[INFO] [stdout] ...
[INFO] [stdout] 141 | simd_m_ty!(m32x4[i32]: i32, i32, i32, i32 | x0, x1, x2, x3);
[INFO] [stdout]     | ------------------------------------------------------------ in this macro invocation
[INFO] [stdout]     |
[INFO] [stdout]     = note: this error originates in a macro (in Nightly builds, run with -Z macro-backtrace for more info)
[INFO] [stdout] 
[INFO] [stdout] 
[INFO] [stdout] error: cannot find derive macro `Debug` in this scope
[INFO] [stdout]    --> src/coresimd/simd.rs:41:31
[INFO] [stdout]     |
[INFO] [stdout] 41  |         #[derive(Copy, Clone, Debug, PartialEq)]
[INFO] [stdout]     |                               ^^^^^
[INFO] [stdout] ...
[INFO] [stdout] 141 | simd_m_ty!(m32x4[i32]: i32, i32, i32, i32 | x0, x1, x2, x3);
[INFO] [stdout]     | ------------------------------------------------------------ in this macro invocation
[INFO] [stdout]     |
[INFO] [stdout]     = note: this error originates in a macro (in Nightly builds, run with -Z macro-backtrace for more info)
[INFO] [stdout] 
[INFO] [stdout] 
[INFO] [stdout] error: cannot find derive macro `PartialEq` in this scope
[INFO] [stdout]    --> src/coresimd/simd.rs:41:38
[INFO] [stdout]     |
[INFO] [stdout] 41  |         #[derive(Copy, Clone, Debug, PartialEq)]
[INFO] [stdout]     |                                      ^^^^^^^^^
[INFO] [stdout] ...
[INFO] [stdout] 141 | simd_m_ty!(m32x4[i32]: i32, i32, i32, i32 | x0, x1, x2, x3);
[INFO] [stdout]     | ------------------------------------------------------------ in this macro invocation
[INFO] [stdout]     |
[INFO] [stdout]     = note: this error originates in a macro (in Nightly builds, run with -Z macro-backtrace for more info)
[INFO] [stdout] 
[INFO] [stdout] 
[INFO] [stdout] error: cannot find derive macro `Copy` in this scope
[INFO] [stdout]    --> src/coresimd/simd.rs:41:18
[INFO] [stdout]     |
[INFO] [stdout] 41  |         #[derive(Copy, Clone, Debug, PartialEq)]
[INFO] [stdout]     |                  ^^^^
[INFO] [stdout] ...
[INFO] [stdout] 142 | simd_m_ty!(m64x2[i64]: i64, i64 | x0, x1);
[INFO] [stdout]     | ------------------------------------------ in this macro invocation
[INFO] [stdout]     |
[INFO] [stdout]     = note: this error originates in a macro (in Nightly builds, run with -Z macro-backtrace for more info)
[INFO] [stdout] 
[INFO] [stdout] 
[INFO] [stdout] error: cannot find derive macro `Clone` in this scope
[INFO] [stdout]    --> src/coresimd/simd.rs:41:24
[INFO] [stdout]     |
[INFO] [stdout] 41  |         #[derive(Copy, Clone, Debug, PartialEq)]
[INFO] [stdout]     |                        ^^^^^
[INFO] [stdout] ...
[INFO] [stdout] 142 | simd_m_ty!(m64x2[i64]: i64, i64 | x0, x1);
[INFO] [stdout]     | ------------------------------------------ in this macro invocation
[INFO] [stdout]     |
[INFO] [stdout]     = note: this error originates in a macro (in Nightly builds, run with -Z macro-backtrace for more info)
[INFO] [stdout] 
[INFO] [stdout] 
[INFO] [stdout] error: cannot find derive macro `Debug` in this scope
[INFO] [stdout]    --> src/coresimd/simd.rs:41:31
[INFO] [stdout]     |
[INFO] [stdout] 41  |         #[derive(Copy, Clone, Debug, PartialEq)]
[INFO] [stdout]     |                               ^^^^^
[INFO] [stdout] ...
[INFO] [stdout] 142 | simd_m_ty!(m64x2[i64]: i64, i64 | x0, x1);
[INFO] [stdout]     | ------------------------------------------ in this macro invocation
[INFO] [stdout]     |
[INFO] [stdout]     = note: this error originates in a macro (in Nightly builds, run with -Z macro-backtrace for more info)
[INFO] [stdout] 
[INFO] [stdout] 
[INFO] [stdout] error: cannot find derive macro `PartialEq` in this scope
[INFO] [stdout]    --> src/coresimd/simd.rs:41:38
[INFO] [stdout]     |
[INFO] [stdout] 41  |         #[derive(Copy, Clone, Debug, PartialEq)]
[INFO] [stdout]     |                                      ^^^^^^^^^
[INFO] [stdout] ...
[INFO] [stdout] 142 | simd_m_ty!(m64x2[i64]: i64, i64 | x0, x1);
[INFO] [stdout]     | ------------------------------------------ in this macro invocation
[INFO] [stdout]     |
[INFO] [stdout]     = note: this error originates in a macro (in Nightly builds, run with -Z macro-backtrace for more info)
[INFO] [stdout] 
[INFO] [stdout] 
[INFO] [stdout] error: cannot find derive macro `Copy` in this scope
[INFO] [stdout]    --> src/coresimd/simd.rs:10:18
[INFO] [stdout]     |
[INFO] [stdout] 10  |           #[derive(Copy, Clone, Debug, PartialEq)]
[INFO] [stdout]     |                    ^^^^
[INFO] [stdout] ...
[INFO] [stdout] 146 | / simd_ty!(u8x32[u8]:
[INFO] [stdout] 147 | |          u8, u8, u8, u8, u8, u8, u8, u8,
[INFO] [stdout] 148 | |          u8, u8, u8, u8, u8, u8, u8, u8,
[INFO] [stdout] 149 | |          u8, u8, u8, u8, u8, u8, u8, u8,
[INFO] [stdout] ...   |
[INFO] [stdout] 154 | |          x24, x25, x26, x27, x28, x29, x30, x31
[INFO] [stdout] 155 | | );
[INFO] [stdout]     | |__- in this macro invocation
[INFO] [stdout]     |
[INFO] [stdout]     = note: this error originates in a macro (in Nightly builds, run with -Z macro-backtrace for more info)
[INFO] [stdout] 
[INFO] [stdout] 
[INFO] [stdout] error: cannot find derive macro `Clone` in this scope
[INFO] [stdout]    --> src/coresimd/simd.rs:10:24
[INFO] [stdout]     |
[INFO] [stdout] 10  |           #[derive(Copy, Clone, Debug, PartialEq)]
[INFO] [stdout]     |                          ^^^^^
[INFO] [stdout] ...
[INFO] [stdout] 146 | / simd_ty!(u8x32[u8]:
[INFO] [stdout] 147 | |          u8, u8, u8, u8, u8, u8, u8, u8,
[INFO] [stdout] 148 | |          u8, u8, u8, u8, u8, u8, u8, u8,
[INFO] [stdout] 149 | |          u8, u8, u8, u8, u8, u8, u8, u8,
[INFO] [stdout] ...   |
[INFO] [stdout] 154 | |          x24, x25, x26, x27, x28, x29, x30, x31
[INFO] [stdout] 155 | | );
[INFO] [stdout]     | |__- in this macro invocation
[INFO] [stdout]     |
[INFO] [stdout]     = note: this error originates in a macro (in Nightly builds, run with -Z macro-backtrace for more info)
[INFO] [stdout] 
[INFO] [stdout] 
[INFO] [stdout] error: cannot find derive macro `Debug` in this scope
[INFO] [stdout]    --> src/coresimd/simd.rs:10:31
[INFO] [stdout]     |
[INFO] [stdout] 10  |           #[derive(Copy, Clone, Debug, PartialEq)]
[INFO] [stdout]     |                                 ^^^^^
[INFO] [stdout] ...
[INFO] [stdout] 146 | / simd_ty!(u8x32[u8]:
[INFO] [stdout] 147 | |          u8, u8, u8, u8, u8, u8, u8, u8,
[INFO] [stdout] 148 | |          u8, u8, u8, u8, u8, u8, u8, u8,
[INFO] [stdout] 149 | |          u8, u8, u8, u8, u8, u8, u8, u8,
[INFO] [stdout] ...   |
[INFO] [stdout] 154 | |          x24, x25, x26, x27, x28, x29, x30, x31
[INFO] [stdout] 155 | | );
[INFO] [stdout]     | |__- in this macro invocation
[INFO] [stdout]     |
[INFO] [stdout]     = note: this error originates in a macro (in Nightly builds, run with -Z macro-backtrace for more info)
[INFO] [stdout] 
[INFO] [stdout] 
[INFO] [stdout] error: cannot find derive macro `PartialEq` in this scope
[INFO] [stdout]    --> src/coresimd/simd.rs:10:38
[INFO] [stdout]     |
[INFO] [stdout] 10  |           #[derive(Copy, Clone, Debug, PartialEq)]
[INFO] [stdout]     |                                        ^^^^^^^^^
[INFO] [stdout] ...
[INFO] [stdout] 146 | / simd_ty!(u8x32[u8]:
[INFO] [stdout] 147 | |          u8, u8, u8, u8, u8, u8, u8, u8,
[INFO] [stdout] 148 | |          u8, u8, u8, u8, u8, u8, u8, u8,
[INFO] [stdout] 149 | |          u8, u8, u8, u8, u8, u8, u8, u8,
[INFO] [stdout] ...   |
[INFO] [stdout] 154 | |          x24, x25, x26, x27, x28, x29, x30, x31
[INFO] [stdout] 155 | | );
[INFO] [stdout]     | |__- in this macro invocation
[INFO] [stdout]     |
[INFO] [stdout]     = note: this error originates in a macro (in Nightly builds, run with -Z macro-backtrace for more info)
[INFO] [stdout] 
[INFO] [stdout] 
[INFO] [stdout] error: cannot find derive macro `Copy` in this scope
[INFO] [stdout]    --> src/coresimd/simd.rs:10:18
[INFO] [stdout]     |
[INFO] [stdout] 10  |           #[derive(Copy, Clone, Debug, PartialEq)]
[INFO] [stdout]     |                    ^^^^
[INFO] [stdout] ...
[INFO] [stdout] 156 | / simd_ty!(u16x16[u16]:
[INFO] [stdout] 157 | |          u16, u16, u16, u16, u16, u16, u16, u16,
[INFO] [stdout] 158 | |          u16, u16, u16, u16, u16, u16, u16, u16
[INFO] [stdout] 159 | |          | x0, x1, x2, x3, x4, x5, x6, x7, x8, x9, x10, x11, x12, x13, x14, x15
[INFO] [stdout] 160 | | );
[INFO] [stdout]     | |__- in this macro invocation
[INFO] [stdout]     |
[INFO] [stdout]     = note: this error originates in a macro (in Nightly builds, run with -Z macro-backtrace for more info)
[INFO] [stdout] 
[INFO] [stdout] 
[INFO] [stdout] error: cannot find derive macro `Clone` in this scope
[INFO] [stdout]    --> src/coresimd/simd.rs:10:24
[INFO] [stdout]     |
[INFO] [stdout] 10  |           #[derive(Copy, Clone, Debug, PartialEq)]
[INFO] [stdout]     |                          ^^^^^
[INFO] [stdout] ...
[INFO] [stdout] 156 | / simd_ty!(u16x16[u16]:
[INFO] [stdout] 157 | |          u16, u16, u16, u16, u16, u16, u16, u16,
[INFO] [stdout] 158 | |          u16, u16, u16, u16, u16, u16, u16, u16
[INFO] [stdout] 159 | |          | x0, x1, x2, x3, x4, x5, x6, x7, x8, x9, x10, x11, x12, x13, x14, x15
[INFO] [stdout] 160 | | );
[INFO] [stdout]     | |__- in this macro invocation
[INFO] [stdout]     |
[INFO] [stdout]     = note: this error originates in a macro (in Nightly builds, run with -Z macro-backtrace for more info)
[INFO] [stdout] 
[INFO] [stdout] 
[INFO] [stdout] error: cannot find derive macro `Debug` in this scope
[INFO] [stdout]    --> src/coresimd/simd.rs:10:31
[INFO] [stdout]     |
[INFO] [stdout] 10  |           #[derive(Copy, Clone, Debug, PartialEq)]
[INFO] [stdout]     |                                 ^^^^^
[INFO] [stdout] ...
[INFO] [stdout] 156 | / simd_ty!(u16x16[u16]:
[INFO] [stdout] 157 | |          u16, u16, u16, u16, u16, u16, u16, u16,
[INFO] [stdout] 158 | |          u16, u16, u16, u16, u16, u16, u16, u16
[INFO] [stdout] 159 | |          | x0, x1, x2, x3, x4, x5, x6, x7, x8, x9, x10, x11, x12, x13, x14, x15
[INFO] [stdout] 160 | | );
[INFO] [stdout]     | |__- in this macro invocation
[INFO] [stdout]     |
[INFO] [stdout]     = note: this error originates in a macro (in Nightly builds, run with -Z macro-backtrace for more info)
[INFO] [stdout] 
[INFO] [stdout] 
[INFO] [stdout] error: cannot find derive macro `PartialEq` in this scope
[INFO] [stdout]    --> src/coresimd/simd.rs:10:38
[INFO] [stdout]     |
[INFO] [stdout] 10  |           #[derive(Copy, Clone, Debug, PartialEq)]
[INFO] [stdout]     |                                        ^^^^^^^^^
[INFO] [stdout] ...
[INFO] [stdout] 156 | / simd_ty!(u16x16[u16]:
[INFO] [stdout] 157 | |          u16, u16, u16, u16, u16, u16, u16, u16,
[INFO] [stdout] 158 | |          u16, u16, u16, u16, u16, u16, u16, u16
[INFO] [stdout] 159 | |          | x0, x1, x2, x3, x4, x5, x6, x7, x8, x9, x10, x11, x12, x13, x14, x15
[INFO] [stdout] 160 | | );
[INFO] [stdout]     | |__- in this macro invocation
[INFO] [stdout]     |
[INFO] [stdout]     = note: this error originates in a macro (in Nightly builds, run with -Z macro-backtrace for more info)
[INFO] [stdout] 
[INFO] [stdout] 
[INFO] [stdout] error: cannot find derive macro `Copy` in this scope
[INFO] [stdout]    --> src/coresimd/simd.rs:10:18
[INFO] [stdout]     |
[INFO] [stdout] 10  |           #[derive(Copy, Clone, Debug, PartialEq)]
[INFO] [stdout]     |                    ^^^^
[INFO] [stdout] ...
[INFO] [stdout] 161 | / simd_ty!(u32x8[u32]:
[INFO] [stdout] 162 | |          u32, u32, u32, u32, u32, u32, u32, u32
[INFO] [stdout] 163 | |          | x0, x1, x2, x3, x4, x5, x6, x7);
[INFO] [stdout]     | |___________________________________________- in this macro invocation
[INFO] [stdout]     |
[INFO] [stdout]     = note: this error originates in a macro (in Nightly builds, run with -Z macro-backtrace for more info)
[INFO] [stdout] 
[INFO] [stdout] 
[INFO] [stdout] error: cannot find derive macro `Clone` in this scope
[INFO] [stdout]    --> src/coresimd/simd.rs:10:24
[INFO] [stdout]     |
[INFO] [stdout] 10  |           #[derive(Copy, Clone, Debug, PartialEq)]
[INFO] [stdout]     |                          ^^^^^
[INFO] [stdout] ...
[INFO] [stdout] 161 | / simd_ty!(u32x8[u32]:
[INFO] [stdout] 162 | |          u32, u32, u32, u32, u32, u32, u32, u32
[INFO] [stdout] 163 | |          | x0, x1, x2, x3, x4, x5, x6, x7);
[INFO] [stdout]     | |___________________________________________- in this macro invocation
[INFO] [stdout]     |
[INFO] [stdout]     = note: this error originates in a macro (in Nightly builds, run with -Z macro-backtrace for more info)
[INFO] [stdout] 
[INFO] [stdout] 
[INFO] [stdout] error: cannot find derive macro `Debug` in this scope
[INFO] [stdout]    --> src/coresimd/simd.rs:10:31
[INFO] [stdout]     |
[INFO] [stdout] 10  |           #[derive(Copy, Clone, Debug, PartialEq)]
[INFO] [stdout]     |                                 ^^^^^
[INFO] [stdout] ...
[INFO] [stdout] 161 | / simd_ty!(u32x8[u32]:
[INFO] [stdout] 162 | |          u32, u32, u32, u32, u32, u32, u32, u32
[INFO] [stdout] 163 | |          | x0, x1, x2, x3, x4, x5, x6, x7);
[INFO] [stdout]     | |___________________________________________- in this macro invocation
[INFO] [stdout]     |
[INFO] [stdout]     = note: this error originates in a macro (in Nightly builds, run with -Z macro-backtrace for more info)
[INFO] [stdout] 
[INFO] [stdout] 
[INFO] [stdout] error: cannot find derive macro `PartialEq` in this scope
[INFO] [stdout]    --> src/coresimd/simd.rs:10:38
[INFO] [stdout]     |
[INFO] [stdout] 10  |           #[derive(Copy, Clone, Debug, PartialEq)]
[INFO] [stdout]     |                                        ^^^^^^^^^
[INFO] [stdout] ...
[INFO] [stdout] 161 | / simd_ty!(u32x8[u32]:
[INFO] [stdout] 162 | |          u32, u32, u32, u32, u32, u32, u32, u32
[INFO] [stdout] 163 | |          | x0, x1, x2, x3, x4, x5, x6, x7);
[INFO] [stdout]     | |___________________________________________- in this macro invocation
[INFO] [stdout]     |
[INFO] [stdout]     = note: this error originates in a macro (in Nightly builds, run with -Z macro-backtrace for more info)
[INFO] [stdout] 
[INFO] [stdout] 
[INFO] [stdout] error: cannot find derive macro `Copy` in this scope
[INFO] [stdout]    --> src/coresimd/simd.rs:10:18
[INFO] [stdout]     |
[INFO] [stdout] 10  |         #[derive(Copy, Clone, Debug, PartialEq)]
[INFO] [stdout]     |                  ^^^^
[INFO] [stdout] ...
[INFO] [stdout] 164 | simd_ty!(u64x4[u64]: u64, u64, u64, u64 | x0, x1, x2, x3);
[INFO] [stdout]     | ---------------------------------------------------------- in this macro invocation
[INFO] [stdout]     |
[INFO] [stdout]     = note: this error originates in a macro (in Nightly builds, run with -Z macro-backtrace for more info)
[INFO] [stdout] 
[INFO] [stdout] 
[INFO] [stdout] error: cannot find derive macro `Clone` in this scope
[INFO] [stdout]    --> src/coresimd/simd.rs:10:24
[INFO] [stdout]     |
[INFO] [stdout] 10  |         #[derive(Copy, Clone, Debug, PartialEq)]
[INFO] [stdout]     |                        ^^^^^
[INFO] [stdout] ...
[INFO] [stdout] 164 | simd_ty!(u64x4[u64]: u64, u64, u64, u64 | x0, x1, x2, x3);
[INFO] [stdout]     | ---------------------------------------------------------- in this macro invocation
[INFO] [stdout]     |
[INFO] [stdout]     = note: this error originates in a macro (in Nightly builds, run with -Z macro-backtrace for more info)
[INFO] [stdout] 
[INFO] [stdout] 
[INFO] [stdout] error: cannot find derive macro `Debug` in this scope
[INFO] [stdout]    --> src/coresimd/simd.rs:10:31
[INFO] [stdout]     |
[INFO] [stdout] 10  |         #[derive(Copy, Clone, Debug, PartialEq)]
[INFO] [stdout]     |                               ^^^^^
[INFO] [stdout] ...
[INFO] [stdout] 164 | simd_ty!(u64x4[u64]: u64, u64, u64, u64 | x0, x1, x2, x3);
[INFO] [stdout]     | ---------------------------------------------------------- in this macro invocation
[INFO] [stdout]     |
[INFO] [stdout]     = note: this error originates in a macro (in Nightly builds, run with -Z macro-backtrace for more info)
[INFO] [stdout] 
[INFO] [stdout] 
[INFO] [stdout] error: cannot find derive macro `PartialEq` in this scope
[INFO] [stdout]    --> src/coresimd/simd.rs:10:38
[INFO] [stdout]     |
[INFO] [stdout] 10  |         #[derive(Copy, Clone, Debug, PartialEq)]
[INFO] [stdout]     |                                      ^^^^^^^^^
[INFO] [stdout] ...
[INFO] [stdout] 164 | simd_ty!(u64x4[u64]: u64, u64, u64, u64 | x0, x1, x2, x3);
[INFO] [stdout]     | ---------------------------------------------------------- in this macro invocation
[INFO] [stdout]     |
[INFO] [stdout]     = note: this error originates in a macro (in Nightly builds, run with -Z macro-backtrace for more info)
[INFO] [stdout] 
[INFO] [stdout] 
[INFO] [stdout] error: cannot find derive macro `Copy` in this scope
[INFO] [stdout]    --> src/coresimd/simd.rs:10:18
[INFO] [stdout]     |
[INFO] [stdout] 10  |           #[derive(Copy, Clone, Debug, PartialEq)]
[INFO] [stdout]     |                    ^^^^
[INFO] [stdout] ...
[INFO] [stdout] 166 | / simd_ty!(i8x32[i8]:
[INFO] [stdout] 167 | |          i8, i8, i8, i8, i8, i8, i8, i8,
[INFO] [stdout] 168 | |          i8, i8, i8, i8, i8, i8, i8, i8,
[INFO] [stdout] 169 | |          i8, i8, i8, i8, i8, i8, i8, i8,
[INFO] [stdout] ...   |
[INFO] [stdout] 174 | |          x24, x25, x26, x27, x28, x29, x30, x31
[INFO] [stdout] 175 | | );
[INFO] [stdout]     | |__- in this macro invocation
[INFO] [stdout]     |
[INFO] [stdout]     = note: this error originates in a macro (in Nightly builds, run with -Z macro-backtrace for more info)
[INFO] [stdout] 
[INFO] [stdout] 
[INFO] [stdout] error: cannot find derive macro `Clone` in this scope
[INFO] [stdout]    --> src/coresimd/simd.rs:10:24
[INFO] [stdout]     |
[INFO] [stdout] 10  |           #[derive(Copy, Clone, Debug, PartialEq)]
[INFO] [stdout]     |                          ^^^^^
[INFO] [stdout] ...
[INFO] [stdout] 166 | / simd_ty!(i8x32[i8]:
[INFO] [stdout] 167 | |          i8, i8, i8, i8, i8, i8, i8, i8,
[INFO] [stdout] 168 | |          i8, i8, i8, i8, i8, i8, i8, i8,
[INFO] [stdout] 169 | |          i8, i8, i8, i8, i8, i8, i8, i8,
[INFO] [stdout] ...   |
[INFO] [stdout] 174 | |          x24, x25, x26, x27, x28, x29, x30, x31
[INFO] [stdout] 175 | | );
[INFO] [stdout]     | |__- in this macro invocation
[INFO] [stdout]     |
[INFO] [stdout]     = note: this error originates in a macro (in Nightly builds, run with -Z macro-backtrace for more info)
[INFO] [stdout] 
[INFO] [stdout] 
[INFO] [stdout] error: cannot find derive macro `Debug` in this scope
[INFO] [stdout]    --> src/coresimd/simd.rs:10:31
[INFO] [stdout]     |
[INFO] [stdout] 10  |           #[derive(Copy, Clone, Debug, PartialEq)]
[INFO] [stdout]     |                                 ^^^^^
[INFO] [stdout] ...
[INFO] [stdout] 166 | / simd_ty!(i8x32[i8]:
[INFO] [stdout] 167 | |          i8, i8, i8, i8, i8, i8, i8, i8,
[INFO] [stdout] 168 | |          i8, i8, i8, i8, i8, i8, i8, i8,
[INFO] [stdout] 169 | |          i8, i8, i8, i8, i8, i8, i8, i8,
[INFO] [stdout] ...   |
[INFO] [stdout] 174 | |          x24, x25, x26, x27, x28, x29, x30, x31
[INFO] [stdout] 175 | | );
[INFO] [stdout]     | |__- in this macro invocation
[INFO] [stdout]     |
[INFO] [stdout]     = note: this error originates in a macro (in Nightly builds, run with -Z macro-backtrace for more info)
[INFO] [stdout] 
[INFO] [stdout] 
[INFO] [stdout] error: cannot find derive macro `PartialEq` in this scope
[INFO] [stdout]    --> src/coresimd/simd.rs:10:38
[INFO] [stdout]     |
[INFO] [stdout] 10  |           #[derive(Copy, Clone, Debug, PartialEq)]
[INFO] [stdout]     |                                        ^^^^^^^^^
[INFO] [stdout] ...
[INFO] [stdout] 166 | / simd_ty!(i8x32[i8]:
[INFO] [stdout] 167 | |          i8, i8, i8, i8, i8, i8, i8, i8,
[INFO] [stdout] 168 | |          i8, i8, i8, i8, i8, i8, i8, i8,
[INFO] [stdout] 169 | |          i8, i8, i8, i8, i8, i8, i8, i8,
[INFO] [stdout] ...   |
[INFO] [stdout] 174 | |          x24, x25, x26, x27, x28, x29, x30, x31
[INFO] [stdout] 175 | | );
[INFO] [stdout]     | |__- in this macro invocation
[INFO] [stdout]     |
[INFO] [stdout]     = note: this error originates in a macro (in Nightly builds, run with -Z macro-backtrace for more info)
[INFO] [stdout] 
[INFO] [stdout] 
[INFO] [stdout] error: cannot find derive macro `Copy` in this scope
[INFO] [stdout]    --> src/coresimd/simd.rs:10:18
[INFO] [stdout]     |
[INFO] [stdout] 10  |           #[derive(Copy, Clone, Debug, PartialEq)]
[INFO] [stdout]     |                    ^^^^
[INFO] [stdout] ...
[INFO] [stdout] 176 | / simd_ty!(i16x16[i16]:
[INFO] [stdout] 177 | |          i16, i16, i16, i16, i16, i16, i16, i16,
[INFO] [stdout] 178 | |          i16, i16, i16, i16, i16, i16, i16, i16
[INFO] [stdout] 179 | |          | x0, x1, x2, x3, x4, x5, x6, x7, x8, x9, x10, x11, x12, x13, x14, x15
[INFO] [stdout] 180 | | );
[INFO] [stdout]     | |__- in this macro invocation
[INFO] [stdout]     |
[INFO] [stdout]     = note: this error originates in a macro (in Nightly builds, run with -Z macro-backtrace for more info)
[INFO] [stdout] 
[INFO] [stdout] 
[INFO] [stdout] error: cannot find derive macro `Clone` in this scope
[INFO] [stdout]    --> src/coresimd/simd.rs:10:24
[INFO] [stdout]     |
[INFO] [stdout] 10  |           #[derive(Copy, Clone, Debug, PartialEq)]
[INFO] [stdout]     |                          ^^^^^
[INFO] [stdout] ...
[INFO] [stdout] 176 | / simd_ty!(i16x16[i16]:
[INFO] [stdout] 177 | |          i16, i16, i16, i16, i16, i16, i16, i16,
[INFO] [stdout] 178 | |          i16, i16, i16, i16, i16, i16, i16, i16
[INFO] [stdout] 179 | |          | x0, x1, x2, x3, x4, x5, x6, x7, x8, x9, x10, x11, x12, x13, x14, x15
[INFO] [stdout] 180 | | );
[INFO] [stdout]     | |__- in this macro invocation
[INFO] [stdout]     |
[INFO] [stdout]     = note: this error originates in a macro (in Nightly builds, run with -Z macro-backtrace for more info)
[INFO] [stdout] 
[INFO] [stdout] 
[INFO] [stdout] error: cannot find derive macro `Debug` in this scope
[INFO] [stdout]    --> src/coresimd/simd.rs:10:31
[INFO] [stdout]     |
[INFO] [stdout] 10  |           #[derive(Copy, Clone, Debug, PartialEq)]
[INFO] [stdout]     |                                 ^^^^^
[INFO] [stdout] ...
[INFO] [stdout] 176 | / simd_ty!(i16x16[i16]:
[INFO] [stdout] 177 | |          i16, i16, i16, i16, i16, i16, i16, i16,
[INFO] [stdout] 178 | |          i16, i16, i16, i16, i16, i16, i16, i16
[INFO] [stdout] 179 | |          | x0, x1, x2, x3, x4, x5, x6, x7, x8, x9, x10, x11, x12, x13, x14, x15
[INFO] [stdout] 180 | | );
[INFO] [stdout]     | |__- in this macro invocation
[INFO] [stdout]     |
[INFO] [stdout]     = note: this error originates in a macro (in Nightly builds, run with -Z macro-backtrace for more info)
[INFO] [stdout] 
[INFO] [stdout] 
[INFO] [stdout] error: cannot find derive macro `PartialEq` in this scope
[INFO] [stdout]    --> src/coresimd/simd.rs:10:38
[INFO] [stdout]     |
[INFO] [stdout] 10  |           #[derive(Copy, Clone, Debug, PartialEq)]
[INFO] [stdout]     |                                        ^^^^^^^^^
[INFO] [stdout] ...
[INFO] [stdout] 176 | / simd_ty!(i16x16[i16]:
[INFO] [stdout] 177 | |          i16, i16, i16, i16, i16, i16, i16, i16,
[INFO] [stdout] 178 | |          i16, i16, i16, i16, i16, i16, i16, i16
[INFO] [stdout] 179 | |          | x0, x1, x2, x3, x4, x5, x6, x7, x8, x9, x10, x11, x12, x13, x14, x15
[INFO] [stdout] 180 | | );
[INFO] [stdout]     | |__- in this macro invocation
[INFO] [stdout]     |
[INFO] [stdout]     = note: this error originates in a macro (in Nightly builds, run with -Z macro-backtrace for more info)
[INFO] [stdout] 
[INFO] [stdout] 
[INFO] [stdout] error: cannot find derive macro `Copy` in this scope
[INFO] [stdout]    --> src/coresimd/simd.rs:10:18
[INFO] [stdout]     |
[INFO] [stdout] 10  |           #[derive(Copy, Clone, Debug, PartialEq)]
[INFO] [stdout]     |                    ^^^^
[INFO] [stdout] ...
[INFO] [stdout] 181 | / simd_ty!(i32x8[i32]:
[INFO] [stdout] 182 | |          i32, i32, i32, i32, i32, i32, i32, i32
[INFO] [stdout] 183 | |          | x0, x1, x2, x3, x4, x5, x6, x7);
[INFO] [stdout]     | |___________________________________________- in this macro invocation
[INFO] [stdout]     |
[INFO] [stdout]     = note: this error originates in a macro (in Nightly builds, run with -Z macro-backtrace for more info)
[INFO] [stdout] 
[INFO] [stdout] 
[INFO] [stdout] error: cannot find derive macro `Clone` in this scope
[INFO] [stdout]    --> src/coresimd/simd.rs:10:24
[INFO] [stdout]     |
[INFO] [stdout] 10  |           #[derive(Copy, Clone, Debug, PartialEq)]
[INFO] [stdout]     |                          ^^^^^
[INFO] [stdout] ...
[INFO] [stdout] 181 | / simd_ty!(i32x8[i32]:
[INFO] [stdout] 182 | |          i32, i32, i32, i32, i32, i32, i32, i32
[INFO] [stdout] 183 | |          | x0, x1, x2, x3, x4, x5, x6, x7);
[INFO] [stdout]     | |___________________________________________- in this macro invocation
[INFO] [stdout]     |
[INFO] [stdout]     = note: this error originates in a macro (in Nightly builds, run with -Z macro-backtrace for more info)
[INFO] [stdout] 
[INFO] [stdout] 
[INFO] [stdout] error: cannot find derive macro `Debug` in this scope
[INFO] [stdout]    --> src/coresimd/simd.rs:10:31
[INFO] [stdout]     |
[INFO] [stdout] 10  |           #[derive(Copy, Clone, Debug, PartialEq)]
[INFO] [stdout]     |                                 ^^^^^
[INFO] [stdout] ...
[INFO] [stdout] 181 | / simd_ty!(i32x8[i32]:
[INFO] [stdout] 182 | |          i32, i32, i32, i32, i32, i32, i32, i32
[INFO] [stdout] 183 | |          | x0, x1, x2, x3, x4, x5, x6, x7);
[INFO] [stdout]     | |___________________________________________- in this macro invocation
[INFO] [stdout]     |
[INFO] [stdout]     = note: this error originates in a macro (in Nightly builds, run with -Z macro-backtrace for more info)
[INFO] [stdout] 
[INFO] [stdout] 
[INFO] [stdout] error: cannot find derive macro `PartialEq` in this scope
[INFO] [stdout]    --> src/coresimd/simd.rs:10:38
[INFO] [stdout]     |
[INFO] [stdout] 10  |           #[derive(Copy, Clone, Debug, PartialEq)]
[INFO] [stdout]     |                                        ^^^^^^^^^
[INFO] [stdout] ...
[INFO] [stdout] 181 | / simd_ty!(i32x8[i32]:
[INFO] [stdout] 182 | |          i32, i32, i32, i32, i32, i32, i32, i32
[INFO] [stdout] 183 | |          | x0, x1, x2, x3, x4, x5, x6, x7);
[INFO] [stdout]     | |___________________________________________- in this macro invocation
[INFO] [stdout]     |
[INFO] [stdout]     = note: this error originates in a macro (in Nightly builds, run with -Z macro-backtrace for more info)
[INFO] [stdout] 
[INFO] [stdout] 
[INFO] [stdout] error: cannot find derive macro `Copy` in this scope
[INFO] [stdout]    --> src/coresimd/simd.rs:10:18
[INFO] [stdout]     |
[INFO] [stdout] 10  |         #[derive(Copy, Clone, Debug, PartialEq)]
[INFO] [stdout]     |                  ^^^^
[INFO] [stdout] ...
[INFO] [stdout] 184 | simd_ty!(i64x4[i64]: i64, i64, i64, i64 | x0, x1, x2, x3);
[INFO] [stdout]     | ---------------------------------------------------------- in this macro invocation
[INFO] [stdout]     |
[INFO] [stdout]     = note: this error originates in a macro (in Nightly builds, run with -Z macro-backtrace for more info)
[INFO] [stdout] 
[INFO] [stdout] 
[INFO] [stdout] error: cannot find derive macro `Clone` in this scope
[INFO] [stdout]    --> src/coresimd/simd.rs:10:24
[INFO] [stdout]     |
[INFO] [stdout] 10  |         #[derive(Copy, Clone, Debug, PartialEq)]
[INFO] [stdout]     |                        ^^^^^
[INFO] [stdout] ...
[INFO] [stdout] 184 | simd_ty!(i64x4[i64]: i64, i64, i64, i64 | x0, x1, x2, x3);
[INFO] [stdout]     | ---------------------------------------------------------- in this macro invocation
[INFO] [stdout]     |
[INFO] [stdout]     = note: this error originates in a macro (in Nightly builds, run with -Z macro-backtrace for more info)
[INFO] [stdout] 
[INFO] [stdout] 
[INFO] [stdout] error: cannot find derive macro `Debug` in this scope
[INFO] [stdout]    --> src/coresimd/simd.rs:10:31
[INFO] [stdout]     |
[INFO] [stdout] 10  |         #[derive(Copy, Clone, Debug, PartialEq)]
[INFO] [stdout]     |                               ^^^^^
[INFO] [stdout] ...
[INFO] [stdout] 184 | simd_ty!(i64x4[i64]: i64, i64, i64, i64 | x0, x1, x2, x3);
[INFO] [stdout]     | ---------------------------------------------------------- in this macro invocation
[INFO] [stdout]     |
[INFO] [stdout]     = note: this error originates in a macro (in Nightly builds, run with -Z macro-backtrace for more info)
[INFO] [stdout] 
[INFO] [stdout] 
[INFO] [stdout] error: cannot find derive macro `PartialEq` in this scope
[INFO] [stdout]    --> src/coresimd/simd.rs:10:38
[INFO] [stdout]     |
[INFO] [stdout] 10  |         #[derive(Copy, Clone, Debug, PartialEq)]
[INFO] [stdout]     |                                      ^^^^^^^^^
[INFO] [stdout] ...
[INFO] [stdout] 184 | simd_ty!(i64x4[i64]: i64, i64, i64, i64 | x0, x1, x2, x3);
[INFO] [stdout]     | ---------------------------------------------------------- in this macro invocation
[INFO] [stdout]     |
[INFO] [stdout]     = note: this error originates in a macro (in Nightly builds, run with -Z macro-backtrace for more info)
[INFO] [stdout] 
[INFO] [stdout] 
[INFO] [stdout] error: cannot find macro `asm` in this scope
[INFO] [stdout]   --> src/coresimd/x86/eflags.rs:33:5
[INFO] [stdout]    |
[INFO] [stdout] 33 |     asm!("pushfq; popq $0" : "=r"(eflags) : : : "volatile");
[INFO] [stdout]    |     ^^^
[INFO] [stdout] 
[INFO] [stdout] 
[INFO] [stdout] error: cannot find macro `asm` in this scope
[INFO] [stdout]   --> src/coresimd/x86/eflags.rs:64:5
[INFO] [stdout]    |
[INFO] [stdout] 64 |     asm!("pushq $0; popfq" : : "r"(eflags) : "cc", "flags" : "volatile");
[INFO] [stdout]    |     ^^^
[INFO] [stdout] 
[INFO] [stdout] 
[INFO] [stdout] error: cannot find derive macro `Copy` in this scope
[INFO] [stdout]   --> src/coresimd/x86/cpuid.rs:11:10
[INFO] [stdout]    |
[INFO] [stdout] 11 | #[derive(Copy, Clone, Eq, Ord, PartialEq, PartialOrd)]
[INFO] [stdout]    |          ^^^^
[INFO] [stdout] 
[INFO] [stdout] 
[INFO] [stdout] error: cannot find derive macro `Clone` in this scope
[INFO] [stdout]   --> src/coresimd/x86/cpuid.rs:11:16
[INFO] [stdout]    |
[INFO] [stdout] 11 | #[derive(Copy, Clone, Eq, Ord, PartialEq, PartialOrd)]
[INFO] [stdout]    |                ^^^^^
[INFO] [stdout] 
[INFO] [stdout] 
[INFO] [stdout] error: cannot find derive macro `Eq` in this scope
[INFO] [stdout]   --> src/coresimd/x86/cpuid.rs:11:23
[INFO] [stdout]    |
[INFO] [stdout] 11 | #[derive(Copy, Clone, Eq, Ord, PartialEq, PartialOrd)]
[INFO] [stdout]    |                       ^^
[INFO] [stdout] 
[INFO] [stdout] 
[INFO] [stdout] error: cannot find derive macro `Ord` in this scope
[INFO] [stdout]   --> src/coresimd/x86/cpuid.rs:11:27
[INFO] [stdout]    |
[INFO] [stdout] 11 | #[derive(Copy, Clone, Eq, Ord, PartialEq, PartialOrd)]
[INFO] [stdout]    |                           ^^^
[INFO] [stdout] 
[INFO] [stdout] 
[INFO] [stdout] error: cannot find derive macro `PartialEq` in this scope
[INFO] [stdout]   --> src/coresimd/x86/cpuid.rs:11:32
[INFO] [stdout]    |
[INFO] [stdout] 11 | #[derive(Copy, Clone, Eq, Ord, PartialEq, PartialOrd)]
[INFO] [stdout]    |                                ^^^^^^^^^
[INFO] [stdout] 
[INFO] [stdout] 
[INFO] [stdout] error: cannot find derive macro `PartialOrd` in this scope
[INFO] [stdout]   --> src/coresimd/x86/cpuid.rs:11:43
[INFO] [stdout]    |
[INFO] [stdout] 11 | #[derive(Copy, Clone, Eq, Ord, PartialEq, PartialOrd)]
[INFO] [stdout]    |                                           ^^^^^^^^^^
[INFO] [stdout] 
[INFO] [stdout] 
[INFO] [stdout] error: cannot find macro `cfg` in this scope
[INFO] [stdout]   --> src/coresimd/x86/cpuid.rs:57:8
[INFO] [stdout]    |
[INFO] [stdout] 57 |     if cfg!(target_arch = "x86") {
[INFO] [stdout]    |        ^^^
[INFO] [stdout] 
[INFO] [stdout] 
[INFO] [stdout] error: cannot find macro `asm` in this scope
[INFO] [stdout]   --> src/coresimd/x86/cpuid.rs:58:9
[INFO] [stdout]    |
[INFO] [stdout] 58 |         asm!("cpuid"
[INFO] [stdout]    |         ^^^
[INFO] [stdout] 
[INFO] [stdout] 
[INFO] [stdout] error: cannot find macro `asm` in this scope
[INFO] [stdout]   --> src/coresimd/x86/cpuid.rs:64:9
[INFO] [stdout]    |
[INFO] [stdout] 64 |         asm!("cpuid\n"
[INFO] [stdout]    |         ^^^
[INFO] [stdout] 
[INFO] [stdout] 
[INFO] [stdout] error: cannot find macro `asm` in this scope
[INFO] [stdout]   --> src/coresimd/x86/xsave.rs:91:5
[INFO] [stdout]    |
[INFO] [stdout] 91 |     asm!("xgetbv" : "={eax}"(eax), "={edx}"(edx) : "{ecx}"(xcr_no));
[INFO] [stdout]    |     ^^^
[INFO] [stdout] 
[INFO] [stdout] 
[INFO] [stdout] warning: unnecessary parentheses around assigned value
[INFO] [stdout]   --> src/coresimd/x86/sse41.rs:39:5
[INFO] [stdout]    |
[INFO] [stdout] 39 |     (_MM_FROUND_RAISE_EXC | _MM_FROUND_TO_NEG_INF);
[INFO] [stdout]    |     ^^^^^^^^^^^^^^^^^^^^^^^^^^^^^^^^^^^^^^^^^^^^^^ help: remove these parentheses
[INFO] [stdout]    |
[INFO] [stdout]    = note: `#[warn(unused_parens)]` on by default
[INFO] [stdout] 
[INFO] [stdout] 
[INFO] [stdout] warning: unnecessary parentheses around assigned value
[INFO] [stdout]   --> src/coresimd/x86/sse41.rs:43:5
[INFO] [stdout]    |
[INFO] [stdout] 43 |     (_MM_FROUND_RAISE_EXC | _MM_FROUND_TO_POS_INF);
[INFO] [stdout]    |     ^^^^^^^^^^^^^^^^^^^^^^^^^^^^^^^^^^^^^^^^^^^^^^ help: remove these parentheses
[INFO] [stdout] 
[INFO] [stdout] 
[INFO] [stdout] warning: unnecessary parentheses around assigned value
[INFO] [stdout]   --> src/coresimd/x86/sse41.rs:46:35
[INFO] [stdout]    |
[INFO] [stdout] 46 | pub const _MM_FROUND_TRUNC: i32 = (_MM_FROUND_RAISE_EXC | _MM_FROUND_TO_ZERO);
[INFO] [stdout]    |                                   ^^^^^^^^^^^^^^^^^^^^^^^^^^^^^^^^^^^^^^^^^^^ help: remove these parentheses
[INFO] [stdout] 
[INFO] [stdout] 
[INFO] [stdout] warning: unnecessary parentheses around assigned value
[INFO] [stdout]   --> src/coresimd/x86/sse41.rs:51:5
[INFO] [stdout]    |
[INFO] [stdout] 51 |     (_MM_FROUND_RAISE_EXC | _MM_FROUND_CUR_DIRECTION);
[INFO] [stdout]    |     ^^^^^^^^^^^^^^^^^^^^^^^^^^^^^^^^^^^^^^^^^^^^^^^^^ help: remove these parentheses
[INFO] [stdout] 
[INFO] [stdout] 
[INFO] [stdout] warning: unnecessary parentheses around assigned value
[INFO] [stdout]   --> src/coresimd/x86/sse41.rs:55:5
[INFO] [stdout]    |
[INFO] [stdout] 55 |     (_MM_FROUND_NO_EXC | _MM_FROUND_CUR_DIRECTION);
[INFO] [stdout]    |     ^^^^^^^^^^^^^^^^^^^^^^^^^^^^^^^^^^^^^^^^^^^^^^ help: remove these parentheses
[INFO] [stdout] 
[INFO] [stdout] 
[INFO] [stdout] error[E0545]: `issue` must be a non-zero numeric string or "none"
[INFO] [stdout]    --> src/coresimd/x86/mod.rs:342:41
[INFO] [stdout]     |
[INFO] [stdout] 342 | #[unstable(feature = "stdimd_internal", issue = "0")]
[INFO] [stdout]     |                                         ^^^^^^^^---
[INFO] [stdout]     |                                                 |
[INFO] [stdout]     |                                                 `issue` must not be "0", use "none" instead
[INFO] [stdout] 
[INFO] [stdout] 
[INFO] [stdout] error[E0545]: `issue` must be a non-zero numeric string or "none"
[INFO] [stdout]    --> src/coresimd/x86/mod.rs:395:41
[INFO] [stdout]     |
[INFO] [stdout] 395 | #[unstable(feature = "stdimd_internal", issue = "0")]
[INFO] [stdout]     |                                         ^^^^^^^^---
[INFO] [stdout]     |                                                 |
[INFO] [stdout]     |                                                 `issue` must not be "0", use "none" instead
[INFO] [stdout] 
[INFO] [stdout] 
[INFO] [stdout] warning: use of deprecated function `_core::mem::uninitialized`: use `mem::MaybeUninit` instead
[INFO] [stdout]   --> src/coresimd/x86/cpuid.rs:56:17
[INFO] [stdout]    |
[INFO] [stdout] 56 |     let mut r = mem::uninitialized::<CpuidResult>();
[INFO] [stdout]    |                 ^^^^^^^^^^^^^^^^^^^^^^^^^^^^^^^^^
[INFO] [stdout]    |
[INFO] [stdout]    = note: `#[warn(deprecated)]` on by default
[INFO] [stdout] 
[INFO] [stdout] 
[INFO] [stdout] warning: use of deprecated function `_core::mem::uninitialized`: use `mem::MaybeUninit` instead
[INFO] [stdout]     --> src/coresimd/x86/sse.rs:1947:9
[INFO] [stdout]      |
[INFO] [stdout] 1947 |         mem::uninitialized(),
[INFO] [stdout]      |         ^^^^^^^^^^^^^^^^^^
[INFO] [stdout] 
[INFO] [stdout] 
[INFO] [stdout] warning: use of deprecated function `_core::mem::uninitialized`: use `mem::MaybeUninit` instead
[INFO] [stdout]     --> src/coresimd/x86/sse.rs:1948:9
[INFO] [stdout]      |
[INFO] [stdout] 1948 |         mem::uninitialized(),
[INFO] [stdout]      |         ^^^^^^^^^^^^^^^^^^
[INFO] [stdout] 
[INFO] [stdout] 
[INFO] [stdout] warning: use of deprecated function `_core::mem::uninitialized`: use `mem::MaybeUninit` instead
[INFO] [stdout]     --> src/coresimd/x86/sse.rs:1949:9
[INFO] [stdout]      |
[INFO] [stdout] 1949 |         mem::uninitialized(),
[INFO] [stdout]      |         ^^^^^^^^^^^^^^^^^^
[INFO] [stdout] 
[INFO] [stdout] 
[INFO] [stdout] warning: use of deprecated function `_core::mem::uninitialized`: use `mem::MaybeUninit` instead
[INFO] [stdout]     --> src/coresimd/x86/sse.rs:1950:9
[INFO] [stdout]      |
[INFO] [stdout] 1950 |         mem::uninitialized(),
[INFO] [stdout]      |         ^^^^^^^^^^^^^^^^^^
[INFO] [stdout] 
[INFO] [stdout] 
[INFO] [stdout] warning: use of deprecated function `_core::mem::uninitialized`: use `mem::MaybeUninit` instead
[INFO] [stdout]     --> src/coresimd/x86/sse2.rs:2844:17
[INFO] [stdout]      |
[INFO] [stdout] 2844 |     _mm_set1_pd(mem::uninitialized())
[INFO] [stdout]      |                 ^^^^^^^^^^^^^^^^^^
[INFO] [stdout] 
[INFO] [stdout] 
[INFO] [stdout] warning: use of deprecated function `_core::mem::uninitialized`: use `mem::MaybeUninit` instead
[INFO] [stdout]     --> src/coresimd/x86/sse2.rs:2854:19
[INFO] [stdout]      |
[INFO] [stdout] 2854 |     _mm_set1_epi8(mem::uninitialized())
[INFO] [stdout]      |                   ^^^^^^^^^^^^^^^^^^
[INFO] [stdout] 
[INFO] [stdout] 
[INFO] [stdout] warning: use of deprecated function `_core::mem::uninitialized`: use `mem::MaybeUninit` instead
[INFO] [stdout]     --> src/coresimd/x86/avx.rs:2842:20
[INFO] [stdout]      |
[INFO] [stdout] 2842 |     _mm256_set1_ps(mem::uninitialized())
[INFO] [stdout]      |                    ^^^^^^^^^^^^^^^^^^
[INFO] [stdout] 
[INFO] [stdout] 
[INFO] [stdout] warning: use of deprecated function `_core::mem::uninitialized`: use `mem::MaybeUninit` instead
[INFO] [stdout]     --> src/coresimd/x86/avx.rs:2853:20
[INFO] [stdout]      |
[INFO] [stdout] 2853 |     _mm256_set1_pd(mem::uninitialized())
[INFO] [stdout]      |                    ^^^^^^^^^^^^^^^^^^
[INFO] [stdout] 
[INFO] [stdout] 
[INFO] [stdout] warning: use of deprecated function `_core::mem::uninitialized`: use `mem::MaybeUninit` instead
[INFO] [stdout]     --> src/coresimd/x86/avx.rs:2864:22
[INFO] [stdout]      |
[INFO] [stdout] 2864 |     _mm256_set1_epi8(mem::uninitialized())
[INFO] [stdout]      |                      ^^^^^^^^^^^^^^^^^^
[INFO] [stdout] 
[INFO] [stdout] 
[INFO] [stdout] error: unrecognized platform-specific intrinsic function: `x86_rdrand16_step`
[INFO] [stdout]  --> src/coresimd/x86/rdrand.rs:6:5
[INFO] [stdout]   |
[INFO] [stdout] 6 |     fn x86_rdrand16_step() -> (u16, i32);
[INFO] [stdout]   |     ^^^^^^^^^^^^^^^^^^^^^^^^^^^^^^^^^^^^^
[INFO] [stdout] 
[INFO] [stdout] 
[INFO] [stdout] error: unrecognized platform-specific intrinsic function: `x86_rdrand32_step`
[INFO] [stdout]  --> src/coresimd/x86/rdrand.rs:7:5
[INFO] [stdout]   |
[INFO] [stdout] 7 |     fn x86_rdrand32_step() -> (u32, i32);
[INFO] [stdout]   |     ^^^^^^^^^^^^^^^^^^^^^^^^^^^^^^^^^^^^^
[INFO] [stdout] 
[INFO] [stdout] 
[INFO] [stdout] error: unrecognized platform-specific intrinsic function: `x86_rdseed16_step`
[INFO] [stdout]  --> src/coresimd/x86/rdrand.rs:8:5
[INFO] [stdout]   |
[INFO] [stdout] 8 |     fn x86_rdseed16_step() -> (u16, i32);
[INFO] [stdout]   |     ^^^^^^^^^^^^^^^^^^^^^^^^^^^^^^^^^^^^^
[INFO] [stdout] 
[INFO] [stdout] 
[INFO] [stdout] error: unrecognized platform-specific intrinsic function: `x86_rdseed32_step`
[INFO] [stdout]  --> src/coresimd/x86/rdrand.rs:9:5
[INFO] [stdout]   |
[INFO] [stdout] 9 |     fn x86_rdseed32_step() -> (u32, i32);
[INFO] [stdout]   |     ^^^^^^^^^^^^^^^^^^^^^^^^^^^^^^^^^^^^^
[INFO] [stdout] 
[INFO] [stdout] 
[INFO] [stdout] error: unrecognized platform-specific intrinsic function: `x86_rdrand64_step`
[INFO] [stdout]  --> src/coresimd/x86_64/rdrand.rs:6:5
[INFO] [stdout]   |
[INFO] [stdout] 6 |     fn x86_rdrand64_step() -> (u64, i32);
[INFO] [stdout]   |     ^^^^^^^^^^^^^^^^^^^^^^^^^^^^^^^^^^^^^
[INFO] [stdout] 
[INFO] [stdout] 
[INFO] [stdout] error: unrecognized platform-specific intrinsic function: `x86_rdseed64_step`
[INFO] [stdout]  --> src/coresimd/x86_64/rdrand.rs:7:5
[INFO] [stdout]   |
[INFO] [stdout] 7 |     fn x86_rdseed64_step() -> (u64, i32);
[INFO] [stdout]   |     ^^^^^^^^^^^^^^^^^^^^^^^^^^^^^^^^^^^^^
[INFO] [stdout] 
[INFO] [stdout] 
[INFO] [stdout] error: aborting due to 168 previous errors; 15 warnings emitted
[INFO] [stdout] 
[INFO] [stdout] 
[INFO] [stderr] error: build failed
[INFO] running `Command { std: "docker" "inspect" "fa12c8e3af8d011421c6335b34036dd88427e297cbb63f6e8aab17ff2947ed3d", kill_on_drop: false }`
[INFO] running `Command { std: "docker" "rm" "-f" "fa12c8e3af8d011421c6335b34036dd88427e297cbb63f6e8aab17ff2947ed3d", kill_on_drop: false }`
[INFO] [stdout] fa12c8e3af8d011421c6335b34036dd88427e297cbb63f6e8aab17ff2947ed3d
